CRAN Package Check Results for Package valaddin

Last updated on 2018-05-27 09:48:30 CEST.

Flavor Version Tinstall Tcheck Ttotal Status Flags
r-devel-linux-x86_64-debian-clang 0.1.2 5.54 41.55 47.09 OK
r-devel-linux-x86_64-debian-gcc 0.1.2 3.96 32.19 36.15 OK
r-devel-linux-x86_64-fedora-clang 0.1.2 56.12 NOTE
r-devel-linux-x86_64-fedora-gcc 0.1.2 54.13 NOTE
r-devel-windows-ix86+x86_64 0.1.2 8.00 78.00 86.00 OK
r-patched-linux-x86_64 0.1.2 5.73 40.95 46.68 OK
r-patched-solaris-x86 0.1.2 75.00 NOTE
r-release-linux-x86_64 0.1.2 3.71 39.61 43.32 OK
r-release-windows-ix86+x86_64 0.1.2 10.00 77.00 87.00 OK
r-release-osx-x86_64 0.1.2 NOTE
r-oldrel-windows-ix86+x86_64 0.1.2 5.00 52.00 57.00 OK
r-oldrel-osx-x86_64 0.1.2 NOTE

Check Details

Version: 0.1.2
Check: dependencies in R code
Result: NOTE
    Namespace in Imports field not imported from: ‘purrr’
     All declared Imports should be used.
Flavors: r-devel-linux-x86_64-fedora-clang, r-devel-linux-x86_64-fedora-gcc, r-patched-solaris-x86, r-release-osx-x86_64, r-oldrel-osx-x86_64