CRAN Package Check Results for Package valaddin

Last updated on 2018-08-18 12:50:27 CEST.

Flavor Version Tinstall Tcheck Ttotal Status Flags
r-devel-linux-x86_64-debian-clang 0.1.2 5.49 41.55 47.04 OK
r-devel-linux-x86_64-debian-gcc 0.1.2 3.91 33.54 37.45 OK
r-devel-linux-x86_64-fedora-clang 0.1.2 55.18 NOTE
r-devel-linux-x86_64-fedora-gcc 0.1.2 54.16 NOTE
r-devel-windows-ix86+x86_64 0.1.2 9.00 57.00 66.00 OK
r-patched-linux-x86_64 0.1.2 4.19 39.85 44.04 OK
r-patched-solaris-x86 0.1.2 75.20 NOTE
r-release-linux-x86_64 0.1.2 3.71 39.89 43.60 OK
r-release-windows-ix86+x86_64 0.1.2 12.00 68.00 80.00 OK
r-release-osx-x86_64 0.1.2 NOTE
r-oldrel-windows-ix86+x86_64 0.1.2 3.00 65.00 68.00 OK
r-oldrel-osx-x86_64 0.1.2 NOTE

Check Details

Version: 0.1.2
Check: dependencies in R code
Result: NOTE
    Namespace in Imports field not imported from: ‘purrr’
     All declared Imports should be used.
Flavors: r-devel-linux-x86_64-fedora-clang, r-devel-linux-x86_64-fedora-gcc, r-patched-solaris-x86, r-release-osx-x86_64, r-oldrel-osx-x86_64