CRAN Package Check Results for Package valaddin

Last updated on 2018-02-22 06:48:53 CET.

Flavor Version Tinstall Tcheck Ttotal Status Flags
r-devel-linux-x86_64-debian-clang 0.1.2 6.08 35.05 41.13 OK
r-devel-linux-x86_64-debian-gcc 0.1.2 4.02 31.43 35.45 OK
r-devel-linux-x86_64-fedora-clang 0.1.2 55.72 NOTE
r-devel-linux-x86_64-fedora-gcc 0.1.2 63.76 NOTE
r-devel-windows-ix86+x86_64 0.1.2 10.00 53.00 63.00 OK
r-patched-linux-x86_64 0.1.2 1.24 40.87 42.11 OK
r-patched-solaris-x86 0.1.2 69.00 NOTE
r-release-linux-x86_64 0.1.2 1.12 39.46 40.58 OK
r-release-windows-ix86+x86_64 0.1.2 6.00 78.00 84.00 OK
r-release-osx-x86_64 0.1.2 NOTE
r-oldrel-windows-ix86+x86_64 0.1.2 3.00 55.00 58.00 OK
r-oldrel-osx-x86_64 0.1.2 NOTE

Check Details

Version: 0.1.2
Check: dependencies in R code
Result: NOTE
    Namespace in Imports field not imported from: ‘purrr’
     All declared Imports should be used.
Flavors: r-devel-linux-x86_64-fedora-clang, r-devel-linux-x86_64-fedora-gcc, r-patched-solaris-x86, r-release-osx-x86_64, r-oldrel-osx-x86_64