CRAN Package Check Results for Package valaddin

Last updated on 2018-10-24 03:55:47 CEST.

Flavor Version Tinstall Tcheck Ttotal Status Flags
r-devel-linux-x86_64-debian-clang 0.1.2 3.96 42.76 46.72 OK
r-devel-linux-x86_64-debian-gcc 0.1.2 4.31 33.75 38.06 OK
r-devel-linux-x86_64-fedora-clang 0.1.2 56.92 NOTE
r-devel-linux-x86_64-fedora-gcc 0.1.2 54.62 NOTE
r-devel-windows-ix86+x86_64 0.1.2 10.00 75.00 85.00 OK
r-patched-linux-x86_64 0.1.2 5.23 39.78 45.01 OK
r-patched-solaris-x86 0.1.2 71.90 NOTE
r-release-linux-x86_64 0.1.2 4.55 39.46 44.01 OK
r-release-windows-ix86+x86_64 0.1.2 10.00 59.00 69.00 OK
r-release-osx-x86_64 0.1.2 NOTE
r-oldrel-windows-ix86+x86_64 0.1.2 3.00 72.00 75.00 OK
r-oldrel-osx-x86_64 0.1.2 NOTE

Check Details

Version: 0.1.2
Check: dependencies in R code
Result: NOTE
    Namespace in Imports field not imported from: ‘purrr’
     All declared Imports should be used.
Flavors: r-devel-linux-x86_64-fedora-clang, r-devel-linux-x86_64-fedora-gcc, r-patched-solaris-x86, r-release-osx-x86_64, r-oldrel-osx-x86_64