CRAN Package Check Results for Package validatetools

Last updated on 2022-12-04 18:54:02 CET.

Flavor Version Tinstall Tcheck Ttotal Status Flags
r-devel-linux-x86_64-debian-clang 0.5.0 4.86 60.61 65.47 NOTE
r-devel-linux-x86_64-debian-gcc 0.5.0 4.42 46.44 50.86 NOTE
r-devel-linux-x86_64-fedora-clang 0.5.0 92.49 NOTE
r-devel-linux-x86_64-fedora-gcc 0.5.0 89.97 NOTE
r-devel-windows-x86_64 0.5.0 64.00 91.00 155.00 NOTE
r-patched-linux-x86_64 0.5.0 5.59 58.85 64.44 NOTE
r-release-linux-x86_64 0.5.0 4.70 57.98 62.68 NOTE
r-release-macos-arm64 0.5.0 24.00 NOTE
r-release-macos-x86_64 0.5.0 37.00 NOTE
r-release-windows-x86_64 0.5.0 50.00 91.00 141.00 NOTE
r-oldrel-macos-arm64 0.5.0 28.00 NOTE
r-oldrel-macos-x86_64 0.5.0 50.00 NOTE
r-oldrel-windows-ix86+x86_64 0.5.0 12.00 83.00 95.00 NOTE

Check Details

Version: 0.5.0
Check: LazyData
Result: NOTE
     'LazyData' is specified without a 'data' directory
Flavors: r-devel-linux-x86_64-debian-clang, r-devel-linux-x86_64-debian-gcc, r-devel-linux-x86_64-fedora-clang, r-devel-linux-x86_64-fedora-gcc, r-devel-windows-x86_64, r-patched-linux-x86_64, r-release-linux-x86_64, r-release-macos-arm64, r-release-macos-x86_64, r-release-windows-x86_64, r-oldrel-macos-arm64, r-oldrel-macos-x86_64, r-oldrel-windows-ix86+x86_64