Last updated on 2022-08-13 09:54:38 CEST.
Flavor | Version | Tinstall | Tcheck | Ttotal | Status | Flags |
---|---|---|---|---|---|---|
r-devel-linux-x86_64-debian-clang | 1.0-1 | 9.33 | 87.34 | 96.67 | OK | |
r-devel-linux-x86_64-debian-gcc | 1.0-1 | 8.87 | 68.09 | 76.96 | OK | |
r-devel-linux-x86_64-fedora-clang | 1.0-1 | 127.61 | NOTE | |||
r-devel-linux-x86_64-fedora-gcc | 1.0-1 | 134.06 | NOTE | |||
r-devel-windows-x86_64 | 1.0-1 | 19.00 | 109.00 | 128.00 | OK | |
r-patched-linux-x86_64 | 1.0-1 | 11.49 | 84.92 | 96.41 | OK | |
r-release-linux-x86_64 | 1.0-1 | 7.61 | 83.69 | 91.30 | OK | |
r-release-macos-arm64 | 1.0-1 | 38.00 | OK | |||
r-release-macos-x86_64 | 1.0-1 | 57.00 | OK | |||
r-release-windows-x86_64 | 1.0-1 | 27.00 | 109.00 | 136.00 | OK | |
r-oldrel-macos-arm64 | 1.0-1 | 46.00 | OK | |||
r-oldrel-macos-x86_64 | 1.0-1 | 77.00 | OK | |||
r-oldrel-windows-ix86+x86_64 | 1.0-1 | 25.00 | 142.00 | 167.00 | OK |
Version: 1.0-1
Check: compiled code
Result: NOTE
File ‘valorate/libs/valorate.so’:
Found no calls to: ‘R_registerRoutines’, ‘R_useDynamicSymbols’
It is good practice to register native routines and to disable symbol
search.
See ‘Writing portable packages’ in the ‘Writing R Extensions’ manual.
Flavors: r-devel-linux-x86_64-fedora-clang, r-devel-linux-x86_64-fedora-gcc