CRAN Package Check Results for Package valr

Last updated on 2018-02-18 10:48:03 CET.

Flavor Version Tinstall Tcheck Ttotal Status Flags
r-devel-linux-x86_64-debian-clang 0.4.0 159.86 126.16 286.02 OK
r-devel-linux-x86_64-debian-gcc 0.4.0 137.22 96.66 233.88 OK
r-devel-linux-x86_64-fedora-clang 0.4.0 377.27 NOTE
r-devel-linux-x86_64-fedora-gcc 0.4.0 357.57 NOTE
r-devel-windows-ix86+x86_64 0.4.0 342.00 210.00 552.00 OK
r-patched-linux-x86_64 0.4.0 165.84 144.00 309.84 OK
r-patched-solaris-x86 0.4.0 424.80 OK
r-release-linux-x86_64 0.4.0 162.65 137.48 300.13 OK
r-release-windows-ix86+x86_64 0.4.0 489.00 242.00 731.00 OK
r-release-osx-x86_64 0.4.0 NOTE
r-oldrel-windows-ix86+x86_64 0.4.0 331.00 240.00 571.00 OK
r-oldrel-osx-x86_64 0.3.1 NOTE

Check Details

Version: 0.4.0
Check: package dependencies
Result: NOTE
    Packages suggested but not available for checking:
     ‘GenomicRanges’ ‘IRanges’ ‘S4Vectors’
Flavors: r-devel-linux-x86_64-fedora-clang, r-devel-linux-x86_64-fedora-gcc

Version: 0.4.0
Check: installed package size
Result: NOTE
     installed size is 14.5Mb
     sub-directories of 1Mb or more:
     libs 12.9Mb
Flavors: r-devel-linux-x86_64-fedora-clang, r-devel-linux-x86_64-fedora-gcc, r-release-osx-x86_64

Version: 0.4.0
Check: package dependencies
Result: NOTE
    Package suggested but not available for checking: ‘GenomicRanges’
Flavor: r-release-osx-x86_64

Version: 0.3.1
Check: installed package size
Result: NOTE
     installed size is 7.7Mb
     sub-directories of 1Mb or more:
     libs 6.3Mb
Flavor: r-oldrel-osx-x86_64