CRAN Package Check Results for Package valr

Last updated on 2018-08-21 21:51:26 CEST.

Flavor Version Tinstall Tcheck Ttotal Status Flags
r-devel-linux-x86_64-debian-clang 0.4.1 170.73 113.86 284.59 OK
r-devel-linux-x86_64-debian-gcc 0.4.1 165.95 91.07 257.02 OK
r-devel-linux-x86_64-fedora-clang 0.4.1 391.33 NOTE
r-devel-linux-x86_64-fedora-gcc 0.4.1 396.97 OK
r-devel-windows-ix86+x86_64 0.4.1 518.00 292.00 810.00 OK
r-patched-linux-x86_64 0.4.1 195.73 105.81 301.54 OK
r-patched-solaris-x86 0.4.1 453.50 OK
r-release-linux-x86_64 0.4.1 201.58 107.89 309.47 OK
r-release-windows-ix86+x86_64 0.4.1 532.00 341.00 873.00 OK
r-release-osx-x86_64 0.4.1 NOTE
r-oldrel-windows-ix86+x86_64 0.4.1 400.00 249.00 649.00 OK
r-oldrel-osx-x86_64 0.4.1 NOTE

Check Details

Version: 0.4.1
Check: installed package size
Result: NOTE
     installed size is 15.4Mb
     sub-directories of 1Mb or more:
     libs 13.9Mb
Flavors: r-devel-linux-x86_64-fedora-clang, r-release-osx-x86_64, r-oldrel-osx-x86_64