CRAN Package Check Results for Package valr

Last updated on 2018-05-23 20:48:59 CEST.

Flavor Version Tinstall Tcheck Ttotal Status Flags
r-devel-linux-x86_64-debian-clang 0.4.0 160.03 117.84 277.87 WARN
r-devel-linux-x86_64-debian-gcc 0.4.0 0.59 1.63 2.22 ERROR
r-devel-linux-x86_64-fedora-clang 0.4.0 379.46 NOTE
r-devel-linux-x86_64-fedora-gcc 0.4.0 369.64 NOTE
r-devel-windows-ix86+x86_64 0.4.0 349.00 283.00 632.00 OK
r-patched-linux-x86_64 0.4.0 175.16 104.97 280.13 OK
r-patched-solaris-x86 0.4.0 425.30 OK
r-release-linux-x86_64 0.4.0 161.14 106.29 267.43 OK
r-release-windows-ix86+x86_64 0.4.0 481.00 286.00 767.00 OK
r-release-osx-x86_64 0.4.0 NOTE
r-oldrel-windows-ix86+x86_64 0.4.0 510.00 294.00 804.00 OK
r-oldrel-osx-x86_64 0.4.0 NOTE

Check Details

Version: 0.4.0
Check: for unstated dependencies in ‘tests’
Result: WARN
    '::' or ':::' import not declared from: ‘curl’
Flavor: r-devel-linux-x86_64-debian-clang

Version: 0.4.0
Check: package dependencies
Result: ERROR
    Packages required but not available:
     ‘dplyr’ ‘readr’ ‘tibble’ ‘broom’ ‘ggplot2’
    
    Packages suggested but not available for checking:
     ‘purrr’ ‘tidyr’ ‘DT’ ‘cowplot’ ‘dbplyr’
    
    See section ‘The DESCRIPTION file’ in the ‘Writing R Extensions’
    manual.
Flavor: r-devel-linux-x86_64-debian-gcc

Version: 0.4.0
Check: installed package size
Result: NOTE
     installed size is 14.5Mb
     sub-directories of 1Mb or more:
     libs 12.9Mb
Flavors: r-devel-linux-x86_64-fedora-clang, r-devel-linux-x86_64-fedora-gcc, r-release-osx-x86_64, r-oldrel-osx-x86_64

Version: 0.4.0
Check: package dependencies
Result: NOTE
    Package suggested but not available for checking: ‘GenomicRanges’
Flavor: r-oldrel-osx-x86_64