Last updated on 2023-04-01 01:52:32 CEST.
Flavor | Version | Tinstall | Tcheck | Ttotal | Status | Flags |
---|---|---|---|---|---|---|
r-devel-linux-x86_64-debian-clang | 0.6.7 | 201.76 | 500.06 | 701.82 | OK | |
r-devel-linux-x86_64-debian-gcc | 0.6.7 | 172.70 | 377.89 | 550.59 | OK | |
r-devel-linux-x86_64-fedora-clang | 0.6.7 | 994.54 | OK | |||
r-devel-linux-x86_64-fedora-gcc | 0.6.7 | 936.06 | OK | |||
r-patched-linux-x86_64 | 0.6.7 | 185.10 | 465.55 | 650.65 | OK | |
r-release-linux-x86_64 | 0.6.7 | 129.01 | 466.41 | 595.42 | OK | |
r-release-macos-arm64 | 0.6.7 | 170.00 | NOTE | |||
r-release-macos-x86_64 | 0.6.7 | 287.00 | NOTE | |||
r-release-windows-x86_64 | 0.6.7 | 171.00 | 533.00 | 704.00 | OK | |
r-oldrel-macos-arm64 | 0.6.7 | 169.00 | NOTE | |||
r-oldrel-macos-x86_64 | 0.6.7 | 271.00 | NOTE | |||
r-oldrel-windows-ix86+x86_64 | 0.6.7 | 445.00 | 741.00 | 1186.00 | OK |
Version: 0.6.7
Check: installed package size
Result: NOTE
installed size is 7.0Mb
sub-directories of 1Mb or more:
libs 6.0Mb
Flavors: r-release-macos-arm64, r-release-macos-x86_64, r-oldrel-macos-arm64, r-oldrel-macos-x86_64