CRAN Package Check Results for Package valr

Last updated on 2024-02-26 10:58:16 CET.

Flavor Version Tinstall Tcheck Ttotal Status Flags
r-devel-linux-x86_64-debian-clang 0.7.0 204.48 517.04 721.52 OK
r-devel-linux-x86_64-debian-gcc 0.7.0 179.86 401.45 581.31 OK
r-devel-linux-x86_64-fedora-clang 0.7.0 1001.86 OK
r-devel-linux-x86_64-fedora-gcc 0.7.0 1033.06 OK
r-devel-windows-x86_64 0.7.0 164.00 418.00 582.00 OK
r-patched-linux-x86_64 0.7.0 171.01 515.97 686.98 OK
r-release-linux-x86_64 0.7.0 160.86 517.26 678.12 OK
r-release-macos-arm64 0.7.0 310.00 NOTE
r-release-macos-x86_64 0.7.0 470.00 NOTE
r-release-windows-x86_64 0.7.0 214.00 528.00 742.00 OK
r-oldrel-macos-arm64 0.7.0 226.00 NOTE
r-oldrel-windows-x86_64 0.7.0 196.00 487.00 683.00 OK

Check Details

Version: 0.7.0
Check: installed package size
Result: NOTE installed size is 7.1Mb sub-directories of 1Mb or more: libs 6.0Mb Flavors: r-release-macos-arm64, r-release-macos-x86_64, r-oldrel-macos-arm64