CRAN Package Check Results for Package valr

Last updated on 2019-02-20 11:51:53 CET.

Flavor Version Tinstall Tcheck Ttotal Status Flags
r-devel-linux-x86_64-debian-clang 0.5.0 123.79 113.32 237.11 OK
r-devel-linux-x86_64-debian-gcc 0.5.0 111.80 88.26 200.06 OK
r-devel-linux-x86_64-fedora-clang 0.5.0 337.53 NOTE
r-devel-linux-x86_64-fedora-gcc 0.5.0 328.47 OK
r-devel-windows-ix86+x86_64 0.5.0 354.00 280.00 634.00 OK
r-patched-linux-x86_64 0.5.0 OK
r-patched-solaris-x86 0.5.0 386.10 OK
r-release-linux-x86_64 0.5.0 128.11 110.39 238.50 OK
r-release-windows-ix86+x86_64 0.5.0 279.00 306.00 585.00 OK
r-release-osx-x86_64 0.5.0 NOTE
r-oldrel-windows-ix86+x86_64 0.5.0 282.00 233.00 515.00 OK
r-oldrel-osx-x86_64 0.5.0 NOTE

Check Details

Version: 0.5.0
Check: installed package size
Result: NOTE
     installed size is 8.3Mb
     sub-directories of 1Mb or more:
     libs 7.3Mb
Flavors: r-devel-linux-x86_64-fedora-clang, r-release-osx-x86_64, r-oldrel-osx-x86_64