CRAN Package Check Results for Package vanddraabe

Last updated on 2020-02-27 17:51:13 CET.

Flavor Version Tinstall Tcheck Ttotal Status Flags
r-devel-linux-x86_64-debian-clang 1.1.1 10.50 74.39 84.89 OK
r-devel-linux-x86_64-debian-gcc 1.1.1 8.53 57.71 66.24 OK
r-devel-linux-x86_64-fedora-clang 1.1.1 107.36 OK
r-devel-linux-x86_64-fedora-gcc 1.1.1 97.59 OK
r-devel-windows-ix86+x86_64 1.1.1 19.00 103.00 122.00 OK
r-devel-windows-ix86+x86_64-gcc8 1.1.1 22.00 98.00 120.00 OK
r-patched-linux-x86_64 1.1.1 9.18 65.49 74.67 OK
r-patched-solaris-x86 1.1.1 135.30 OK
r-release-linux-x86_64 1.1.1 8.35 65.27 73.62 OK
r-release-windows-ix86+x86_64 1.1.1 17.00 93.00 110.00 OK
r-release-osx-x86_64 1.1.1 OK
r-oldrel-osx-x86_64 1.1.1 ERROR

Check Details

Version: 1.1.1
Check: whether package can be installed
Result: ERROR
    Installation failed.
Flavor: r-oldrel-osx-x86_64