CRAN Package Check Results for Package vanddraabe

Last updated on 2019-09-19 08:51:10 CEST.

Flavor Version Tinstall Tcheck Ttotal Status Flags
r-devel-linux-x86_64-debian-clang 1.1.1 8.64 64.45 73.09 OK
r-devel-linux-x86_64-debian-gcc 1.1.1 7.08 50.40 57.48 OK
r-devel-linux-x86_64-fedora-clang 1.1.1 89.48 OK
r-devel-linux-x86_64-fedora-gcc 1.1.1 86.26 OK
r-devel-windows-ix86+x86_64 1.1.1 29.00 93.00 122.00 OK
r-patched-linux-x86_64 1.1.1 8.44 62.90 71.34 OK
r-patched-solaris-x86 1.1.1 127.90 OK
r-release-linux-x86_64 1.1.1 8.77 64.07 72.84 OK
r-release-windows-ix86+x86_64 1.1.1 20.00 134.00 154.00 OK
r-release-osx-x86_64 1.1.1 OK
r-oldrel-osx-x86_64 1.1.1 ERROR

Check Details

Version: 1.1.1
Check: whether package can be installed
Result: ERROR
    Installation failed.
Flavor: r-oldrel-osx-x86_64