CRAN Package Check Results for Package varImp

Last updated on 2021-04-10 16:48:44 CEST.

Flavor Version Tinstall Tcheck Ttotal Status Flags
r-devel-linux-x86_64-debian-clang 0.4 8.24 124.79 133.03 NOTE
r-devel-linux-x86_64-debian-gcc 0.4 7.95 93.28 101.23 NOTE
r-devel-linux-x86_64-fedora-clang 0.4 151.98 NOTE
r-devel-linux-x86_64-fedora-gcc 0.4 144.28 NOTE
r-devel-windows-ix86+x86_64 0.4 16.00 103.00 119.00 NOTE
r-devel-windows-x86_64-gcc10-UCRT 0.4 NOTE
r-patched-linux-x86_64 0.4 6.92 114.38 121.30 OK
r-patched-solaris-x86 0.4 214.60 OK
r-release-linux-x86_64 0.4 9.08 114.29 123.37 OK
r-release-macos-x86_64 0.4 OK
r-release-windows-ix86+x86_64 0.4 15.00 180.00 195.00 OK
r-oldrel-macos-x86_64 0.4 OK
r-oldrel-windows-ix86+x86_64 0.4 18.00 124.00 142.00 OK

Check Details

Version: 0.4
Check: LazyData
Result: NOTE
     'LazyData' is specified without a 'data' directory
Flavors: r-devel-linux-x86_64-debian-clang, r-devel-linux-x86_64-debian-gcc, r-devel-linux-x86_64-fedora-clang, r-devel-linux-x86_64-fedora-gcc, r-devel-windows-ix86+x86_64, r-devel-windows-x86_64-gcc10-UCRT