CRAN Package Check Results for Package varband

Last updated on 2024-02-26 04:49:43 CET.

Flavor Version Tinstall Tcheck Ttotal Status Flags
r-devel-linux-x86_64-debian-clang 0.9.0 40.83 59.62 100.45 NOTE
r-devel-linux-x86_64-debian-gcc 0.9.0 29.27 46.51 75.78 NOTE
r-devel-linux-x86_64-fedora-clang 0.9.0 129.42 NOTE
r-devel-linux-x86_64-fedora-gcc 0.9.0 142.56 NOTE
r-devel-windows-x86_64 0.9.0 29.00 93.00 122.00 NOTE
r-patched-linux-x86_64 0.9.0 38.47 58.93 97.40 NOTE
r-release-linux-x86_64 0.9.0 34.20 59.64 93.84 NOTE
r-release-macos-arm64 0.9.0 47.00 NOTE
r-release-macos-x86_64 0.9.0 75.00 NOTE
r-release-windows-x86_64 0.9.0 40.00 102.00 142.00 NOTE
r-oldrel-macos-arm64 0.9.0 48.00 NOTE
r-oldrel-windows-x86_64 0.9.0 35.00 100.00 135.00 NOTE

Check Details

Version: 0.9.0
Check: Rd files
Result: NOTE checkRd: (-1) sample_gen.Rd:18: Lost braces; missing escapes or markup? 18 | Generate \code{n} random samples from multivariate Gaussian distribution N(0, (L^TL)^{-1}) | ^ Flavors: r-devel-linux-x86_64-debian-clang, r-devel-linux-x86_64-debian-gcc

Version: 0.9.0
Check: LazyData
Result: NOTE 'LazyData' is specified without a 'data' directory Flavors: r-devel-linux-x86_64-debian-clang, r-devel-linux-x86_64-debian-gcc, r-devel-linux-x86_64-fedora-clang, r-devel-linux-x86_64-fedora-gcc, r-devel-windows-x86_64, r-patched-linux-x86_64, r-release-linux-x86_64, r-release-macos-arm64, r-release-macos-x86_64, r-release-windows-x86_64, r-oldrel-macos-arm64, r-oldrel-windows-x86_64

Version: 0.9.0
Check: compiled code
Result: NOTE File ‘varband/libs/varband.so’: Found no calls to: ‘R_registerRoutines’, ‘R_useDynamicSymbols’ It is good practice to register native routines and to disable symbol search. See ‘Writing portable packages’ in the ‘Writing R Extensions’ manual. Flavors: r-devel-linux-x86_64-fedora-clang, r-devel-linux-x86_64-fedora-gcc