Last updated on 2023-01-29 11:56:29 CET.
Flavor | Version | Tinstall | Tcheck | Ttotal | Status | Flags |
---|---|---|---|---|---|---|
r-devel-linux-x86_64-debian-clang | 0.1.1 | 8.39 | 74.10 | 82.49 | NOTE | |
r-devel-linux-x86_64-debian-gcc | 0.1.1 | 6.32 | 56.51 | 62.83 | NOTE | |
r-devel-linux-x86_64-fedora-clang | 0.1.1 | 107.87 | NOTE | |||
r-devel-linux-x86_64-fedora-gcc | 0.1.1 | 103.41 | NOTE | |||
r-patched-linux-x86_64 | 0.1.1 | 9.21 | 71.35 | 80.56 | NOTE | |
r-release-linux-x86_64 | 0.1.1 | 8.97 | 72.10 | 81.07 | NOTE | |
r-release-macos-arm64 | 0.1.1 | 30.00 | NOTE | |||
r-release-macos-x86_64 | 0.1.1 | 43.00 | NOTE | |||
r-release-windows-x86_64 | 0.1.1 | 12.00 | 101.00 | 113.00 | NOTE | |
r-oldrel-macos-arm64 | 0.1.1 | 37.00 | NOTE | |||
r-oldrel-macos-x86_64 | 0.1.1 | 60.00 | NOTE | |||
r-oldrel-windows-ix86+x86_64 | 0.1.1 | 18.00 | 93.00 | 111.00 | NOTE |
Version: 0.1.1
Check: LazyData
Result: NOTE
'LazyData' is specified without a 'data' directory
Flavors: r-devel-linux-x86_64-debian-clang, r-devel-linux-x86_64-debian-gcc, r-devel-linux-x86_64-fedora-clang, r-devel-linux-x86_64-fedora-gcc, r-patched-linux-x86_64, r-release-linux-x86_64, r-release-macos-arm64, r-release-macos-x86_64, r-release-windows-x86_64, r-oldrel-macos-arm64, r-oldrel-macos-x86_64, r-oldrel-windows-ix86+x86_64