CRAN Package Check Results for Package varjmcm

Last updated on 2024-07-23 15:48:26 CEST.

Flavor Version Tinstall Tcheck Ttotal Status Flags
r-devel-linux-x86_64-debian-clang 0.1.1 7.46 70.14 77.60 NOTE
r-devel-linux-x86_64-debian-gcc 0.1.1 6.58 54.95 61.53 NOTE
r-devel-linux-x86_64-fedora-clang 0.1.1 100.84 NOTE
r-devel-linux-x86_64-fedora-gcc 0.1.1 96.28 NOTE
r-devel-windows-x86_64 0.1.1 8.00 68.00 76.00 NOTE
r-patched-linux-x86_64 0.1.1 7.63 67.89 75.52 NOTE
r-release-linux-x86_64 0.1.1 8.68 67.31 75.99 NOTE
r-release-macos-arm64 0.1.1 31.00 NOTE
r-release-macos-x86_64 0.1.1 45.00 NOTE
r-release-windows-x86_64 0.1.1 8.00 67.00 75.00 NOTE
r-oldrel-macos-arm64 0.1.1 33.00 NOTE
r-oldrel-macos-x86_64 0.1.1 52.00 NOTE
r-oldrel-windows-x86_64 0.1.1 9.00 83.00 92.00 NOTE

Check Details

Version: 0.1.1
Check: LazyData
Result: NOTE 'LazyData' is specified without a 'data' directory Flavors: r-devel-linux-x86_64-debian-clang, r-devel-linux-x86_64-debian-gcc, r-devel-linux-x86_64-fedora-clang, r-devel-linux-x86_64-fedora-gcc, r-devel-windows-x86_64, r-patched-linux-x86_64, r-release-linux-x86_64, r-release-macos-arm64, r-release-macos-x86_64, r-release-windows-x86_64, r-oldrel-macos-arm64, r-oldrel-macos-x86_64, r-oldrel-windows-x86_64