CRAN Package Check Results for Package varycoef

Last updated on 2021-04-23 08:47:43 CEST.

Flavor Version Tinstall Tcheck Ttotal Status Flags
r-devel-linux-x86_64-debian-clang 0.3.0 18.92 328.99 347.91 OK
r-devel-linux-x86_64-debian-gcc 0.3.0 15.49 254.25 269.74 OK
r-devel-linux-x86_64-fedora-clang 0.3.0 461.27 NOTE
r-devel-linux-x86_64-fedora-gcc 0.3.0 445.00 NOTE
r-devel-windows-ix86+x86_64 0.3.0 40.00 467.00 507.00 OK
r-devel-windows-x86_64-gcc10-UCRT 0.3.0 NOTE
r-patched-linux-x86_64 0.3.0 16.75 323.78 340.53 OK
r-patched-solaris-x86 0.3.0 956.30 NOTE
r-release-linux-x86_64 0.3.0 18.40 323.91 342.31 OK
r-release-macos-x86_64 0.3.0 NOTE
r-release-windows-ix86+x86_64 0.3.0 37.00 482.00 519.00 OK
r-oldrel-macos-x86_64 0.3.0 NOTE
r-oldrel-windows-ix86+x86_64 0.3.0 36.00 486.00 522.00 OK

Check Details

Version: 0.3.0
Check: dependencies in R code
Result: NOTE
    Namespace in Imports field not imported from: ‘DiceKriging’
     All declared Imports should be used.
Flavors: r-devel-linux-x86_64-fedora-clang, r-devel-linux-x86_64-fedora-gcc, r-devel-windows-x86_64-gcc10-UCRT, r-patched-solaris-x86, r-release-macos-x86_64, r-oldrel-macos-x86_64