CRAN Package Check Results for Package vbsr

Last updated on 2019-08-18 18:48:02 CEST.

Flavor Version Tinstall Tcheck Ttotal Status Flags
r-devel-linux-x86_64-debian-clang 0.0.5 3.74 25.12 28.86 NOTE
r-devel-linux-x86_64-debian-gcc 0.0.5 2.76 20.31 23.07 NOTE
r-devel-linux-x86_64-fedora-clang 0.0.5 35.71 NOTE
r-devel-linux-x86_64-fedora-gcc 0.0.5 35.03 NOTE
r-devel-windows-ix86+x86_64 0.0.5 15.00 104.00 119.00 NOTE
r-patched-linux-x86_64 0.0.5 3.44 25.17 28.61 NOTE
r-patched-solaris-x86 0.0.5 56.30 NOTE
r-release-linux-x86_64 0.0.5 3.51 25.06 28.57 NOTE
r-release-windows-ix86+x86_64 0.0.5 10.00 63.00 73.00 NOTE
r-release-osx-x86_64 0.0.5 NOTE
r-oldrel-windows-ix86+x86_64 0.0.5 7.00 55.00 62.00 NOTE
r-oldrel-osx-x86_64 0.0.5 NOTE

Check Details

Version: 0.0.5
Check: R code for possible problems
Result: NOTE
    compute_KL : rtnorm: no visible global function definition for 'runif'
    compute_KL : rtnorm: no visible global function definition for 'dnorm'
    compute_KL: no visible global function definition for 'qnorm'
    compute_KL: no visible global function definition for 'dnorm'
    compute_KL: no visible global function definition for 'pnorm'
    compute_KL: no visible global function definition for 'var'
    compute_KL: no visible global function definition for 'rbinom'
    compute_KL: no visible global function definition for 'rnorm'
    compute_KL: no visible global function definition for 'sd'
    vbsr: no visible global function definition for 'qchisq'
    vbsr: no visible global function definition for 'var'
    vbsr: no visible global function definition for 'pchisq'
    vbsr: no visible global function definition for 'sd'
    vbsr: no visible binding for global variable 'sd'
    Undefined global functions or variables:
     dnorm pchisq pnorm qchisq qnorm rbinom rnorm runif sd var
    Consider adding
     importFrom("stats", "dnorm", "pchisq", "pnorm", "qchisq", "qnorm",
     "rbinom", "rnorm", "runif", "sd", "var")
    to your NAMESPACE file.
Flavors: r-devel-linux-x86_64-debian-clang, r-devel-linux-x86_64-debian-gcc, r-devel-linux-x86_64-fedora-clang, r-devel-linux-x86_64-fedora-gcc, r-devel-windows-ix86+x86_64, r-patched-linux-x86_64, r-patched-solaris-x86, r-release-linux-x86_64, r-release-windows-ix86+x86_64, r-release-osx-x86_64, r-oldrel-windows-ix86+x86_64, r-oldrel-osx-x86_64

Version: 0.0.5
Check: compiled code
Result: NOTE
    File ‘vbsr/libs/vbsr.so’:
     Found no calls to: ‘R_registerRoutines’, ‘R_useDynamicSymbols’
    
    It is good practice to register native routines and to disable symbol
    search.
    
    See ‘Writing portable packages’ in the ‘Writing R Extensions’ manual.
Flavors: r-devel-linux-x86_64-fedora-clang, r-devel-linux-x86_64-fedora-gcc