CRAN Package Check Results for Package vbsr

Last updated on 2021-12-06 07:53:16 CET.

Flavor Version Tinstall Tcheck Ttotal Status Flags
r-devel-linux-x86_64-debian-clang 0.0.5 4.09 37.88 41.97 NOTE
r-devel-linux-x86_64-debian-gcc 0.0.5 3.10 29.30 32.40 NOTE
r-devel-linux-x86_64-fedora-clang 0.0.5 56.06 NOTE
r-devel-linux-x86_64-fedora-gcc 0.0.5 41.27 NOTE
r-devel-windows-x86_64-new-UL 0.0.5 10.00 80.00 90.00 NOTE
r-devel-windows-x86_64-new-TK 0.0.5 NOTE
r-devel-windows-x86_64-old 0.0.5 7.00 36.00 43.00 NOTE
r-patched-linux-x86_64 0.0.5 3.92 27.87 31.79 NOTE
r-release-linux-x86_64 0.0.5 3.58 35.46 39.04 NOTE
r-release-macos-arm64 0.0.5 NOTE
r-release-macos-x86_64 0.0.5 NOTE
r-release-windows-ix86+x86_64 0.0.5 10.00 43.00 53.00 NOTE
r-oldrel-macos-x86_64 0.0.5 NOTE
r-oldrel-windows-ix86+x86_64 0.0.5 9.00 46.00 55.00 NOTE

Check Details

Version: 0.0.5
Check: R code for possible problems
Result: NOTE
    compute_KL : rtnorm: no visible global function definition for 'runif'
    compute_KL : rtnorm: no visible global function definition for 'dnorm'
    compute_KL: no visible global function definition for 'qnorm'
    compute_KL: no visible global function definition for 'dnorm'
    compute_KL: no visible global function definition for 'pnorm'
    compute_KL: no visible global function definition for 'var'
    compute_KL: no visible global function definition for 'rbinom'
    compute_KL: no visible global function definition for 'rnorm'
    compute_KL: no visible global function definition for 'sd'
    vbsr: no visible global function definition for 'qchisq'
    vbsr: no visible global function definition for 'var'
    vbsr: no visible global function definition for 'pchisq'
    vbsr: no visible global function definition for 'sd'
    vbsr: no visible binding for global variable 'sd'
    Undefined global functions or variables:
     dnorm pchisq pnorm qchisq qnorm rbinom rnorm runif sd var
    Consider adding
     importFrom("stats", "dnorm", "pchisq", "pnorm", "qchisq", "qnorm",
     "rbinom", "rnorm", "runif", "sd", "var")
    to your NAMESPACE file.
Flavors: r-devel-linux-x86_64-debian-clang, r-devel-linux-x86_64-debian-gcc, r-devel-linux-x86_64-fedora-clang, r-devel-linux-x86_64-fedora-gcc, r-devel-windows-x86_64-new-UL, r-devel-windows-x86_64-new-TK, r-devel-windows-x86_64-old, r-patched-linux-x86_64, r-release-linux-x86_64, r-release-macos-arm64, r-release-macos-x86_64, r-release-windows-ix86+x86_64, r-oldrel-macos-x86_64, r-oldrel-windows-ix86+x86_64

Version: 0.0.5
Check: compiled code
Result: NOTE
    File ‘vbsr/libs/vbsr.so’:
     Found no calls to: ‘R_registerRoutines’, ‘R_useDynamicSymbols’
    
    It is good practice to register native routines and to disable symbol
    search.
    
    See ‘Writing portable packages’ in the ‘Writing R Extensions’ manual.
Flavors: r-devel-linux-x86_64-fedora-clang, r-devel-linux-x86_64-fedora-gcc