CRAN Package Check Results for Package vcfR

Last updated on 2018-10-18 13:47:56 CEST.

Flavor Version Tinstall Tcheck Ttotal Status Flags
r-devel-linux-x86_64-debian-clang 1.8.0 125.60 208.29 333.89 OK
r-devel-linux-x86_64-debian-gcc 1.8.0 OK
r-devel-linux-x86_64-fedora-clang 1.8.0 436.97 NOTE
r-devel-linux-x86_64-fedora-gcc 1.8.0 412.21 OK
r-devel-windows-ix86+x86_64 1.8.0 340.00 420.00 760.00 OK
r-patched-linux-x86_64 1.8.0 134.41 184.96 319.37 OK
r-patched-solaris-x86 1.8.0 494.70 OK
r-release-linux-x86_64 1.8.0 134.74 186.33 321.07 OK
r-release-windows-ix86+x86_64 1.8.0 353.00 393.00 746.00 OK
r-release-osx-x86_64 1.8.0 NOTE
r-oldrel-windows-ix86+x86_64 1.8.0 234.00 421.00 655.00 OK
r-oldrel-osx-x86_64 1.8.0 NOTE

Check Details

Version: 1.8.0
Check: installed package size
Result: NOTE
     installed size is 7.5Mb
     sub-directories of 1Mb or more:
     libs 5.7Mb
Flavors: r-devel-linux-x86_64-fedora-clang, r-release-osx-x86_64, r-oldrel-osx-x86_64