CRAN Package Check Results for Package vcfR

Last updated on 2018-02-22 16:48:08 CET.

Flavor Version Tinstall Tcheck Ttotal Status Flags
r-devel-linux-x86_64-debian-clang 1.7.0 120.61 170.77 291.38 WARN
r-devel-linux-x86_64-debian-gcc 1.7.0 97.04 149.72 246.76 WARN
r-devel-linux-x86_64-fedora-clang 1.7.0 416.53 WARN
r-devel-linux-x86_64-fedora-gcc 1.7.0 309.37 WARN
r-devel-windows-ix86+x86_64 1.7.0 345.00 308.00 653.00 WARN
r-patched-linux-x86_64 1.7.0 123.14 196.67 319.81 OK
r-patched-solaris-x86 1.7.0 476.00 NOTE
r-release-linux-x86_64 1.7.0 114.49 199.37 313.86 OK
r-release-windows-ix86+x86_64 1.7.0 340.00 391.00 731.00 OK
r-release-osx-x86_64 1.7.0 NOTE
r-oldrel-windows-ix86+x86_64 1.7.0 259.00 304.00 563.00 OK
r-oldrel-osx-x86_64 1.6.0 NOTE

Additional issues

valgrind

Check Details

Version: 1.7.0
Check: whether package can be installed
Result: WARN
    Found the following significant warnings:
     Note: break may be used in wrong context: no loop is visible
Flavors: r-devel-linux-x86_64-debian-clang, r-devel-linux-x86_64-debian-gcc, r-devel-linux-x86_64-fedora-clang, r-devel-linux-x86_64-fedora-gcc, r-devel-windows-ix86+x86_64

Version: 1.7.0
Check: installed package size
Result: NOTE
     installed size is 7.3Mb
     sub-directories of 1Mb or more:
     libs 5.4Mb
Flavors: r-devel-linux-x86_64-fedora-clang, r-devel-linux-x86_64-fedora-gcc

Version: 1.7.0
Check: dependencies in R code
Result: NOTE
    Namespace in Imports field not imported from: ‘tidyr’
     All declared Imports should be used.
Flavors: r-devel-linux-x86_64-fedora-clang, r-devel-linux-x86_64-fedora-gcc, r-patched-solaris-x86, r-release-osx-x86_64

Version: 1.6.0
Check: installed package size
Result: NOTE
     installed size is 5.4Mb
     sub-directories of 1Mb or more:
     libs 3.8Mb
Flavor: r-oldrel-osx-x86_64