CRAN Package Check Results for Package vcfR

Last updated on 2020-11-28 19:47:16 CET.

Flavor Version Tinstall Tcheck Ttotal Status Flags
r-devel-linux-x86_64-debian-clang 1.12.0 205.18 224.84 430.02 OK
r-devel-linux-x86_64-debian-gcc 1.12.0 186.48 184.89 371.37 OK
r-devel-linux-x86_64-fedora-clang 1.12.0 518.36 NOTE
r-devel-linux-x86_64-fedora-gcc 1.12.0 476.88 OK
r-devel-windows-ix86+x86_64 1.12.0 348.00 321.00 669.00 OK
r-patched-linux-x86_64 1.12.0 245.63 229.85 475.48 OK
r-patched-solaris-x86 1.12.0 548.10 OK
r-release-linux-x86_64 1.12.0 243.46 224.67 468.13 OK
r-release-macos-x86_64 1.12.0 NOTE
r-release-windows-ix86+x86_64 1.12.0 261.00 330.00 591.00 OK
r-oldrel-macos-x86_64 1.12.0 NOTE
r-oldrel-windows-ix86+x86_64 1.12.0 277.00 360.00 637.00 OK

Check Details

Version: 1.12.0
Check: installed package size
Result: NOTE
     installed size is 8.9Mb
     sub-directories of 1Mb or more:
     libs 7.0Mb
Flavors: r-devel-linux-x86_64-fedora-clang, r-release-macos-x86_64, r-oldrel-macos-x86_64