CRAN Package Check Results for Package vcfR

Last updated on 2019-01-24 09:49:59 CET.

Flavor Version Tinstall Tcheck Ttotal Status Flags
r-devel-linux-x86_64-debian-clang 1.8.0 118.80 203.64 322.44 OK
r-devel-linux-x86_64-debian-gcc 1.8.0 109.04 158.07 267.11 OK
r-devel-linux-x86_64-fedora-clang 1.8.0 437.81 NOTE
r-devel-linux-x86_64-fedora-gcc 1.8.0 403.26 OK
r-devel-windows-ix86+x86_64 1.8.0 348.00 318.00 666.00 OK
r-patched-linux-x86_64 1.8.0 138.52 188.55 327.07 OK
r-patched-solaris-x86 1.8.0 495.10 OK
r-release-linux-x86_64 1.8.0 142.19 186.59 328.78 OK
r-release-windows-ix86+x86_64 1.8.0 248.00 406.00 654.00 OK
r-release-osx-x86_64 1.8.0 NOTE
r-oldrel-windows-ix86+x86_64 1.8.0 343.00 318.00 661.00 OK
r-oldrel-osx-x86_64 1.8.0 NOTE

Check Details

Version: 1.8.0
Check: installed package size
Result: NOTE
     installed size is 7.5Mb
     sub-directories of 1Mb or more:
     libs 5.7Mb
Flavors: r-devel-linux-x86_64-fedora-clang, r-release-osx-x86_64, r-oldrel-osx-x86_64