CRAN Package Check Results for Package vcfR

Last updated on 2018-08-17 00:50:08 CEST.

Flavor Version Tinstall Tcheck Ttotal Status Flags
r-devel-linux-x86_64-debian-clang 1.8.0 115.60 203.61 319.21 OK
r-devel-linux-x86_64-debian-gcc 1.8.0 112.47 162.76 275.23 OK
r-devel-linux-x86_64-fedora-clang 1.8.0 417.87 NOTE
r-devel-linux-x86_64-fedora-gcc 1.8.0 406.73 OK
r-devel-windows-ix86+x86_64 1.8.0 345.00 414.00 759.00 OK
r-patched-linux-x86_64 1.8.0 135.79 183.77 319.56 OK
r-patched-solaris-x86 1.8.0 499.90 OK
r-release-linux-x86_64 1.8.0 138.03 185.12 323.15 OK
r-release-windows-ix86+x86_64 1.8.0 338.00 395.00 733.00 OK
r-release-osx-x86_64 1.8.0 NOTE
r-oldrel-windows-ix86+x86_64 1.8.0 345.00 309.00 654.00 OK
r-oldrel-osx-x86_64 1.8.0 NOTE

Check Details

Version: 1.8.0
Check: installed package size
Result: NOTE
     installed size is 7.3Mb
     sub-directories of 1Mb or more:
     libs 5.5Mb
Flavors: r-devel-linux-x86_64-fedora-clang, r-release-osx-x86_64, r-oldrel-osx-x86_64