CRAN Package Check Results for Package vcfR

Last updated on 2018-05-27 16:50:34 CEST.

Flavor Version Tinstall Tcheck Ttotal Status Flags
r-devel-linux-x86_64-debian-clang 1.8.0 114.80 210.39 325.19 OK
r-devel-linux-x86_64-debian-gcc 1.8.0 98.74 160.36 259.10 OK
r-devel-linux-x86_64-fedora-clang 1.8.0 427.95 NOTE
r-devel-linux-x86_64-fedora-gcc 1.8.0 403.47 NOTE
r-devel-windows-ix86+x86_64 1.8.0 254.00 306.00 560.00 OK
r-patched-linux-x86_64 1.8.0 114.39 185.26 299.65 OK
r-patched-solaris-x86 1.8.0 494.30 OK
r-release-linux-x86_64 1.8.0 122.70 188.30 311.00 OK
r-release-windows-ix86+x86_64 1.8.0 339.00 412.00 751.00 OK
r-release-osx-x86_64 1.8.0 NOTE
r-oldrel-windows-ix86+x86_64 1.8.0 323.00 282.00 605.00 OK
r-oldrel-osx-x86_64 1.8.0 NOTE

Additional issues

valgrind

Check Details

Version: 1.8.0
Check: installed package size
Result: NOTE
     installed size is 7.3Mb
     sub-directories of 1Mb or more:
     libs 5.4Mb
Flavors: r-devel-linux-x86_64-fedora-clang, r-devel-linux-x86_64-fedora-gcc, r-release-osx-x86_64, r-oldrel-osx-x86_64