CRAN Package Check Results for Package vdg

Last updated on 2024-02-28 01:54:28 CET.

Flavor Version Tinstall Tcheck Ttotal Status Flags
r-devel-linux-x86_64-debian-clang 1.2.2 12.08 179.32 191.40 OK
r-devel-linux-x86_64-debian-gcc 1.2.2 10.33 134.52 144.85 OK
r-devel-linux-x86_64-fedora-clang 1.2.2 238.65 NOTE
r-devel-linux-x86_64-fedora-gcc 1.2.2 245.16 NOTE
r-devel-windows-x86_64 1.2.2 15.00 236.00 251.00 OK
r-patched-linux-x86_64 1.2.2 21.62 174.45 196.07 OK
r-release-linux-x86_64 1.2.2 13.11 175.45 188.56 OK
r-release-macos-arm64 1.2.2 97.00 OK
r-release-macos-x86_64 1.2.2 138.00 OK
r-release-windows-x86_64 1.2.2 19.00 240.00 259.00 OK
r-oldrel-macos-arm64 1.2.2 106.00 OK
r-oldrel-windows-x86_64 1.2.2 19.00 244.00 263.00 OK

Check Details

Version: 1.2.2
Check: compiled code
Result: NOTE File ‘vdg/libs/vdg.so’: Found no calls to: ‘R_registerRoutines’, ‘R_useDynamicSymbols’ It is good practice to register native routines and to disable symbol search. See ‘Writing portable packages’ in the ‘Writing R Extensions’ manual. Flavors: r-devel-linux-x86_64-fedora-clang, r-devel-linux-x86_64-fedora-gcc