CRAN Package Check Results for Package vdg

Last updated on 2018-07-15 19:52:07 CEST.

Flavor Version Tinstall Tcheck Ttotal Status Flags
r-devel-linux-x86_64-debian-clang 1.2.0 8.56 463.64 472.20 NOTE
r-devel-linux-x86_64-debian-gcc 1.2.0 7.42 372.12 379.54 NOTE
r-devel-linux-x86_64-fedora-clang 1.2.0 533.50 NOTE
r-devel-linux-x86_64-fedora-gcc 1.2.0 530.53 NOTE
r-devel-windows-ix86+x86_64 1.2.0 23.00 240.00 263.00 OK
r-patched-linux-x86_64 1.2.0 5.49 438.75 444.24 NOTE
r-patched-solaris-x86 1.2.0 315.60 OK
r-release-linux-x86_64 1.2.0 8.30 437.11 445.41 NOTE
r-release-windows-ix86+x86_64 1.2.0 15.00 215.00 230.00 OK
r-release-osx-x86_64 1.2.0 OK
r-oldrel-windows-ix86+x86_64 1.2.0 12.00 279.00 291.00 OK
r-oldrel-osx-x86_64 1.2.0 WARN

Check Details

Version: 1.2.0
Check: compiled code
Result: NOTE
    File ‘vdg/libs/vdg.so’:
     Found no calls to: ‘R_registerRoutines’, ‘R_useDynamicSymbols’
    
    It is good practice to register native routines and to disable symbol
    search.
    
    See ‘Writing portable packages’ in the ‘Writing R Extensions’ manual.
Flavors: r-devel-linux-x86_64-debian-clang, r-devel-linux-x86_64-debian-gcc, r-devel-linux-x86_64-fedora-clang, r-devel-linux-x86_64-fedora-gcc, r-patched-linux-x86_64, r-release-linux-x86_64

Version: 1.2.0
Check: DESCRIPTION meta-information
Result: NOTE
    Dependence on R version ‘3.3.1’ not with patchlevel 0
Flavors: r-patched-linux-x86_64, r-release-linux-x86_64

Version: 1.2.0
Check: re-building of vignette outputs
Result: WARN
    Error in re-building vignettes:
     ...
    Warning: running command 'kpsewhich framed.sty' had status 1
    Warning in test_latex_pkg("framed", system.file("misc", "framed.sty", package = "knitr")) :
     unable to find LaTeX package 'framed'; will use a copy from knitr
    Warning in has_utility("pdfcrop") :
     pdfcrop not installed or not in PATH
    Error in texi2dvi(file = file, pdf = TRUE, clean = clean, quiet = quiet, :
     Running 'texi2dvi' on 'vdg.tex' failed.
    LaTeX errors:
    ! LaTeX Error: File `algorithm.sty' not found.
    
    Type X to quit or <RETURN> to proceed,
    or enter new name. (Default extension: sty)
    
    ! Emergency stop.
    <read *>
    
    l.75 \usepackage
     {algorithmic}^^M
    ! ==> Fatal error occurred, no output PDF file produced!
    Calls: buildVignettes -> texi2pdf -> texi2dvi
    Execution halted
Flavor: r-oldrel-osx-x86_64