CRAN Package Check Results for Package vectorwavelet

Last updated on 2021-05-08 10:50:42 CEST.

Flavor Version Tinstall Tcheck Ttotal Status Flags
r-devel-linux-x86_64-debian-clang 0.1.0 6.63 49.41 56.04 NOTE
r-devel-linux-x86_64-debian-gcc 0.1.0 4.79 37.09 41.88 NOTE
r-devel-linux-x86_64-fedora-clang 0.1.0 76.18 NOTE
r-devel-linux-x86_64-fedora-gcc 0.1.0 65.63 NOTE
r-devel-windows-ix86+x86_64 0.1.0 10.00 66.00 76.00 NOTE
r-devel-windows-x86_64-gcc10-UCRT 0.1.0 NOTE
r-patched-linux-x86_64 0.1.0 6.44 47.52 53.96 NOTE
r-patched-solaris-x86 0.1.0 95.90 NOTE
r-release-linux-x86_64 0.1.0 5.18 45.86 51.04 OK
r-release-macos-x86_64 0.1.0 NOTE
r-release-windows-ix86+x86_64 0.1.0 11.00 52.00 63.00 OK
r-oldrel-macos-x86_64 0.1.0 NOTE
r-oldrel-windows-ix86+x86_64 0.1.0 11.00 71.00 82.00 OK

Check Details

Version: 0.1.0
Check: LazyData
Result: NOTE
     'LazyData' is specified without a 'data' directory
Flavors: r-devel-linux-x86_64-debian-clang, r-devel-linux-x86_64-debian-gcc, r-devel-linux-x86_64-fedora-clang, r-devel-linux-x86_64-fedora-gcc, r-devel-windows-ix86+x86_64, r-devel-windows-x86_64-gcc10-UCRT, r-patched-linux-x86_64

Version: 0.1.0
Check: dependencies in R code
Result: NOTE
    Namespaces in Imports field not imported from:
     ‘Rcpp’ ‘foreach’ ‘iterators’ ‘maps’ ‘spam’
     All declared Imports should be used.
Flavors: r-devel-linux-x86_64-fedora-clang, r-devel-linux-x86_64-fedora-gcc, r-devel-windows-x86_64-gcc10-UCRT, r-patched-solaris-x86, r-release-macos-x86_64, r-oldrel-macos-x86_64