Last updated on 2021-04-16 02:47:41 CEST.
Flavor | Version | Tinstall | Tcheck | Ttotal | Status | Flags |
---|---|---|---|---|---|---|
r-devel-linux-x86_64-debian-clang | 2.5-7 | 38.11 | 327.75 | 365.86 | OK | |
r-devel-linux-x86_64-debian-gcc | 2.5-7 | 36.77 | 244.96 | 281.73 | OK | |
r-devel-linux-x86_64-fedora-clang | 2.5-7 | 445.53 | NOTE | |||
r-devel-linux-x86_64-fedora-gcc | 2.5-7 | 433.50 | OK | |||
r-devel-windows-ix86+x86_64 | 2.5-7 | 86.00 | 441.00 | 527.00 | OK | |
r-devel-windows-x86_64-gcc10-UCRT | 2.5-7 | OK | ||||
r-patched-linux-x86_64 | 2.5-7 | 38.63 | 303.29 | 341.92 | OK | |
r-patched-solaris-x86 | 2.5-7 | 547.50 | OK | |||
r-release-linux-x86_64 | 2.5-7 | 39.62 | 298.45 | 338.07 | OK | |
r-release-macos-x86_64 | 2.5-7 | OK | ||||
r-release-windows-ix86+x86_64 | 2.5-7 | 73.00 | 508.00 | 581.00 | OK | |
r-oldrel-macos-x86_64 | 2.5-7 | NOTE | ||||
r-oldrel-windows-ix86+x86_64 | 2.5-7 | 70.00 | 362.00 | 432.00 | OK |
Version: 2.5-7
Check: Rd cross-references
Result: NOTE
Undeclared packages ‘ade4’, ‘cclust’, ‘bipartite’, ‘labdsv’, ‘ellipse’, ‘vegan3d’, ‘coda’, ‘maptools’, ‘ape’, ‘picante’ in Rd xrefs
Flavor: r-devel-linux-x86_64-fedora-clang
Version: 2.5-7
Check: dependencies in R code
Result: NOTE
No protocol specified
No protocol specified
Flavor: r-oldrel-macos-x86_64