CRAN Package Check Results for Package vein

Last updated on 2020-05-29 17:49:21 CEST.

Flavor Version Tinstall Tcheck Ttotal Status Flags
r-devel-linux-x86_64-debian-clang 0.8.8 22.15 96.94 119.09 OK
r-devel-linux-x86_64-debian-gcc 0.8.8 18.37 71.80 90.17 OK
r-devel-linux-x86_64-fedora-clang 0.8.8 156.24 NOTE
r-devel-linux-x86_64-fedora-gcc 0.8.8 141.48 NOTE
r-devel-windows-ix86+x86_64 0.8.8 58.00 165.00 223.00 OK
r-patched-linux-x86_64 0.8.8 23.26 94.45 117.71 OK
r-patched-solaris-x86 0.8.8 199.50 NOTE
r-release-linux-x86_64 0.8.8 22.94 94.40 117.34 OK
r-release-osx-x86_64 0.8.8 NOTE
r-release-windows-ix86+x86_64 0.8.8 49.00 181.00 230.00 OK
r-oldrel-osx-x86_64 0.8.8 NOTE
r-oldrel-windows-ix86+x86_64 0.8.8 47.00 113.00 160.00 OK

Check Details

Version: 0.8.8
Check: dependencies in R code
Result: NOTE
    Namespace in Imports field not imported from: ‘methods’
     All declared Imports should be used.
Flavors: r-devel-linux-x86_64-fedora-clang, r-devel-linux-x86_64-fedora-gcc, r-patched-solaris-x86, r-release-osx-x86_64, r-oldrel-osx-x86_64