CRAN Package Check Results for Package vein

Last updated on 2019-11-16 02:48:50 CET.

Flavor Version Tinstall Tcheck Ttotal Status Flags
r-devel-linux-x86_64-debian-clang 0.8.0 23.65 209.99 233.64 OK
r-devel-linux-x86_64-debian-gcc 0.8.0 19.43 152.74 172.17 OK
r-devel-linux-x86_64-fedora-clang 0.8.0 281.87 NOTE
r-devel-linux-x86_64-fedora-gcc 0.8.0 270.71 NOTE
r-devel-windows-ix86+x86_64 0.8.0 55.00 199.00 254.00 NOTE
r-patched-linux-x86_64 0.8.0 21.29 195.03 216.32 OK
r-patched-solaris-x86 0.8.0 381.70 NOTE
r-release-linux-x86_64 0.8.0 22.57 196.79 219.36 OK
r-release-windows-ix86+x86_64 0.8.0 38.00 277.00 315.00 NOTE
r-release-osx-x86_64 0.8.0 NOTE
r-oldrel-windows-ix86+x86_64 0.8.0 25.00 277.00 302.00 NOTE
r-oldrel-osx-x86_64 0.8.0 NOTE

Check Details

Version: 0.8.0
Check: installed package size
Result: NOTE
     installed size is 7.0Mb
     sub-directories of 1Mb or more:
     R 2.5Mb
Flavors: r-devel-linux-x86_64-fedora-clang, r-devel-windows-ix86+x86_64, r-patched-solaris-x86, r-release-windows-ix86+x86_64, r-release-osx-x86_64, r-oldrel-windows-ix86+x86_64, r-oldrel-osx-x86_64

Version: 0.8.0
Check: dependencies in R code
Result: NOTE
    Namespace in Imports field not imported from: ‘methods’
     All declared Imports should be used.
Flavors: r-devel-linux-x86_64-fedora-clang, r-devel-linux-x86_64-fedora-gcc, r-patched-solaris-x86, r-release-osx-x86_64, r-oldrel-osx-x86_64