CRAN Package Check Results for Package vembedr

Last updated on 2021-05-18 17:48:30 CEST.

Flavor Version Tinstall Tcheck Ttotal Status Flags
r-devel-linux-x86_64-debian-clang 0.1.4 2.95 32.93 35.88 NOTE
r-devel-linux-x86_64-debian-gcc 0.1.4 1.93 25.66 27.59 NOTE
r-devel-linux-x86_64-fedora-clang 0.1.4 50.76 NOTE
r-devel-linux-x86_64-fedora-gcc 0.1.4 41.73 NOTE
r-devel-windows-ix86+x86_64 0.1.4 7.00 45.00 52.00 NOTE
r-devel-windows-x86_64-gcc10-UCRT 0.1.4 NOTE
r-patched-linux-x86_64 0.1.4 2.88 31.56 34.44 NOTE
r-patched-solaris-x86 0.1.4 66.30 NOTE
r-release-linux-x86_64 0.1.4 2.75 31.68 34.43 OK
r-release-macos-x86_64 0.1.4 NOTE
r-release-windows-ix86+x86_64 0.1.4 5.00 36.00 41.00 OK
r-oldrel-macos-x86_64 0.1.4 NOTE
r-oldrel-windows-ix86+x86_64 0.1.4 3.00 47.00 50.00 OK

Check Details

Version: 0.1.4
Check: LazyData
Result: NOTE
     'LazyData' is specified without a 'data' directory
Flavors: r-devel-linux-x86_64-debian-clang, r-devel-linux-x86_64-debian-gcc, r-devel-linux-x86_64-fedora-clang, r-devel-linux-x86_64-fedora-gcc, r-devel-windows-ix86+x86_64, r-devel-windows-x86_64-gcc10-UCRT, r-patched-linux-x86_64, r-patched-solaris-x86

Version: 0.1.4
Check: dependencies in R code
Result: NOTE
    Namespace in Imports field not imported from: ‘rlang’
     All declared Imports should be used.
Flavors: r-devel-linux-x86_64-fedora-clang, r-devel-linux-x86_64-fedora-gcc, r-devel-windows-x86_64-gcc10-UCRT, r-patched-solaris-x86, r-release-macos-x86_64, r-oldrel-macos-x86_64