CRAN Package Check Results for Package vennLasso

Last updated on 2018-05-20 20:48:17 CEST.

Flavor Version Tinstall Tcheck Ttotal Status Flags
r-devel-linux-x86_64-debian-clang 0.1.2 70.84 189.62 260.46 OK
r-devel-linux-x86_64-debian-gcc 0.1.2 67.03 145.01 212.04 OK
r-devel-linux-x86_64-fedora-clang 0.1.2 329.21 NOTE
r-devel-linux-x86_64-fedora-gcc 0.1.2 323.09 NOTE
r-devel-windows-ix86+x86_64 0.1.2 161.00 348.00 509.00 OK
r-patched-linux-x86_64 0.1.2 73.78 172.90 246.68 OK
r-patched-solaris-x86 0.1.2 432.70 OK
r-release-linux-x86_64 0.1.2 71.48 171.55 243.03 OK
r-release-windows-ix86+x86_64 0.1.2 111.00 242.00 353.00 OK
r-release-osx-x86_64 0.1.2 NOTE
r-oldrel-windows-ix86+x86_64 0.1.2 117.00 244.00 361.00 OK
r-oldrel-osx-x86_64 0.1.2 NOTE

Additional issues

valgrind

Check Details

Version: 0.1.2
Check: installed package size
Result: NOTE
     installed size is 26.9Mb
     sub-directories of 1Mb or more:
     libs 26.4Mb
Flavors: r-devel-linux-x86_64-fedora-clang, r-devel-linux-x86_64-fedora-gcc, r-release-osx-x86_64, r-oldrel-osx-x86_64