CRAN Package Check Results for Package vennLasso

Last updated on 2019-02-19 21:49:44 CET.

Flavor Version Tinstall Tcheck Ttotal Status Flags
r-devel-linux-x86_64-debian-clang 0.1.5 76.69 178.00 254.69 OK
r-devel-linux-x86_64-debian-gcc 0.1.5 67.05 133.62 200.67 OK
r-devel-linux-x86_64-fedora-clang 0.1.5 325.98 NOTE
r-devel-linux-x86_64-fedora-gcc 0.1.5 307.56 OK
r-devel-windows-ix86+x86_64 0.1.5 151.00 221.00 372.00 OK
r-patched-linux-x86_64 0.1.5 81.12 170.22 251.34 OK
r-patched-solaris-x86 0.1.5 388.90 OK
r-release-linux-x86_64 0.1.5 80.33 167.94 248.27 OK
r-release-windows-ix86+x86_64 0.1.5 109.00 320.00 429.00 OK
r-release-osx-x86_64 0.1.5 NOTE
r-oldrel-windows-ix86+x86_64 0.1.5 150.00 250.00 400.00 OK
r-oldrel-osx-x86_64 0.1.5 NOTE

Check Details

Version: 0.1.5
Check: installed package size
Result: NOTE
     installed size is 24.6Mb
     sub-directories of 1Mb or more:
     libs 24.1Mb
Flavors: r-devel-linux-x86_64-fedora-clang, r-release-osx-x86_64, r-oldrel-osx-x86_64