Last updated on 2022-08-12 02:53:51 CEST.
Flavor | Version | Tinstall | Tcheck | Ttotal | Status | Flags |
---|---|---|---|---|---|---|
r-devel-linux-x86_64-debian-clang | 0.1.6 | 79.19 | 203.94 | 283.13 | NOTE | |
r-devel-linux-x86_64-debian-gcc | 0.1.6 | 74.15 | 154.79 | 228.94 | NOTE | |
r-devel-linux-x86_64-fedora-clang | 0.1.6 | 390.78 | NOTE | |||
r-devel-linux-x86_64-fedora-gcc | 0.1.6 | 376.94 | NOTE | |||
r-devel-windows-x86_64 | 0.1.6 | 68.00 | 252.00 | 320.00 | NOTE | |
r-patched-linux-x86_64 | 0.1.6 | 70.12 | 196.33 | 266.45 | NOTE | |
r-release-linux-x86_64 | 0.1.6 | 76.95 | 195.35 | 272.30 | NOTE | |
r-release-macos-arm64 | 0.1.6 | 109.00 | NOTE | |||
r-release-macos-x86_64 | 0.1.6 | 139.00 | NOTE | |||
r-release-windows-x86_64 | 0.1.6 | 81.00 | 250.00 | 331.00 | NOTE | |
r-oldrel-macos-arm64 | 0.1.6 | 116.00 | NOTE | |||
r-oldrel-macos-x86_64 | 0.1.6 | 198.00 | NOTE | |||
r-oldrel-windows-ix86+x86_64 | 0.1.6 | 181.00 | 314.00 | 495.00 | NOTE |
Version: 0.1.6
Check: LazyData
Result: NOTE
'LazyData' is specified without a 'data' directory
Flavors: r-devel-linux-x86_64-debian-clang, r-devel-linux-x86_64-debian-gcc, r-devel-linux-x86_64-fedora-clang, r-devel-linux-x86_64-fedora-gcc, r-devel-windows-x86_64, r-patched-linux-x86_64, r-release-linux-x86_64, r-release-macos-arm64, r-release-macos-x86_64, r-release-windows-x86_64, r-oldrel-macos-arm64, r-oldrel-macos-x86_64, r-oldrel-windows-ix86+x86_64
Version: 0.1.6
Check: installed package size
Result: NOTE
installed size is 21.7Mb
sub-directories of 1Mb or more:
libs 21.2Mb
Flavors: r-devel-linux-x86_64-fedora-clang, r-release-macos-arm64, r-release-macos-x86_64, r-oldrel-macos-arm64, r-oldrel-macos-x86_64