CRAN Package Check Results for Package vennLasso

Last updated on 2018-02-19 09:53:18 CET.

Flavor Version Tinstall Tcheck Ttotal Status Flags
r-devel-linux-x86_64-debian-clang 0.1.1 66.32 159.54 225.86 OK
r-devel-linux-x86_64-debian-gcc 0.1.1 61.77 136.07 197.84 OK
r-devel-linux-x86_64-fedora-clang 0.1.1 321.37 NOTE
r-devel-linux-x86_64-fedora-gcc 0.1.1 308.34 NOTE
r-devel-windows-ix86+x86_64 0.1.1 125.00 222.00 347.00 OK
r-patched-linux-x86_64 0.1.1 72.52 185.93 258.45 OK
r-patched-solaris-x86 0.1.1 413.80 OK
r-release-linux-x86_64 0.1.1 65.72 184.33 250.05 OK
r-release-windows-ix86+x86_64 0.1.1 161.00 259.00 420.00 OK
r-release-osx-x86_64 0.1.1 NOTE
r-oldrel-windows-ix86+x86_64 0.1.1 147.00 301.00 448.00 OK
r-oldrel-osx-x86_64 0.1.1 NOTE

Additional issues

valgrind

Check Details

Version: 0.1.1
Check: installed package size
Result: NOTE
     installed size is 26.9Mb
     sub-directories of 1Mb or more:
     libs 26.4Mb
Flavors: r-devel-linux-x86_64-fedora-clang, r-devel-linux-x86_64-fedora-gcc, r-release-osx-x86_64, r-oldrel-osx-x86_64