CRAN Package Check Results for Package vennLasso

Last updated on 2018-11-15 14:47:35 CET.

Flavor Version Tinstall Tcheck Ttotal Status Flags
r-devel-linux-x86_64-debian-clang 0.1.3 80.55 183.51 264.06 WARN
r-devel-linux-x86_64-debian-gcc 0.1.3 72.11 142.32 214.43 WARN
r-devel-linux-x86_64-fedora-clang 0.1.3 331.33 WARN
r-devel-linux-x86_64-fedora-gcc 0.1.3 320.49 WARN
r-devel-windows-ix86+x86_64 0.1.3 106.00 425.00 531.00 OK
r-patched-linux-x86_64 0.1.3 83.63 172.63 256.26 WARN
r-patched-solaris-x86 0.1.3 445.80 OK
r-release-linux-x86_64 0.1.3 82.63 174.99 257.62 OK
r-release-windows-ix86+x86_64 0.1.3 154.00 310.00 464.00 OK
r-release-osx-x86_64 0.1.3 NOTE
r-oldrel-windows-ix86+x86_64 0.1.3 148.00 251.00 399.00 OK
r-oldrel-osx-x86_64 0.1.3 NOTE

Additional issues

valgrind

Check Details

Version: 0.1.3
Check: re-building of vignette outputs
Result: WARN
    Error in re-building vignettes:
     ...
    ! LaTeX Error: Option clash for package xcolor.
    
    Error: processing vignette ‘using_the_vennLasso_package.Rmd’ failed with diagnostics:
    Failed to compile using_the_vennLasso_package.tex. See using_the_vennLasso_package.log for more info.
    Execution halted
Flavors: r-devel-linux-x86_64-debian-clang, r-devel-linux-x86_64-debian-gcc, r-devel-linux-x86_64-fedora-clang, r-devel-linux-x86_64-fedora-gcc, r-patched-linux-x86_64

Version: 0.1.3
Check: installed package size
Result: NOTE
     installed size is 27.4Mb
     sub-directories of 1Mb or more:
     libs 26.9Mb
Flavors: r-devel-linux-x86_64-fedora-clang, r-release-osx-x86_64, r-oldrel-osx-x86_64