CRAN Package Check Results for Package vennLasso

Last updated on 2018-08-20 01:46:49 CEST.

Flavor Version Tinstall Tcheck Ttotal Status Flags
r-devel-linux-x86_64-debian-clang 0.1.2 70.78 189.56 260.34 OK
r-devel-linux-x86_64-debian-gcc 0.1.2 72.18 146.52 218.70 OK
r-devel-linux-x86_64-fedora-clang 0.1.2 326.06 NOTE
r-devel-linux-x86_64-fedora-gcc 0.1.2 329.20 OK
r-devel-windows-ix86+x86_64 0.1.2 159.00 288.00 447.00 OK
r-patched-linux-x86_64 0.1.2 84.02 175.24 259.26 OK
r-patched-solaris-x86 0.1.2 423.30 OK
r-release-linux-x86_64 0.1.2 87.40 172.96 260.36 OK
r-release-windows-ix86+x86_64 0.1.2 163.00 242.00 405.00 OK
r-release-osx-x86_64 0.1.2 NOTE
r-oldrel-windows-ix86+x86_64 0.1.2 107.00 332.00 439.00 OK
r-oldrel-osx-x86_64 0.1.2 NOTE

Additional issues

valgrind

Check Details

Version: 0.1.2
Check: installed package size
Result: NOTE
     installed size is 26.9Mb
     sub-directories of 1Mb or more:
     libs 26.4Mb
Flavors: r-devel-linux-x86_64-fedora-clang, r-release-osx-x86_64, r-oldrel-osx-x86_64