CRAN Package Check Results for Package vennplot

Last updated on 2019-06-18 00:52:00 CEST.

Flavor Version Tinstall Tcheck Ttotal Status Flags
r-devel-linux-x86_64-debian-clang 1.0 20.41 42.92 63.33 OK
r-devel-linux-x86_64-debian-gcc 1.0 17.90 35.04 52.94 OK
r-devel-linux-x86_64-fedora-clang 1.0 86.03 OK
r-devel-linux-x86_64-fedora-gcc 1.0 78.39 OK
r-devel-windows-ix86+x86_64 1.0 59.00 84.00 143.00 OK
r-patched-linux-x86_64 1.0 19.55 42.84 62.39 OK
r-patched-solaris-x86 1.0 120.20 OK
r-release-linux-x86_64 1.0 18.50 44.63 63.13 OK
r-release-windows-ix86+x86_64 1.0 44.00 116.00 160.00 OK
r-release-osx-x86_64 1.0 WARN
r-oldrel-windows-ix86+x86_64 1.0 38.00 121.00 159.00 OK
r-oldrel-osx-x86_64 1.0 OK

Check Details

Version: 1.0
Check: whether package can be installed
Result: WARN
    Found the following significant warnings:
     Warning: 'rgl_init' failed, running with rgl.useNULL = TRUE
Flavor: r-release-osx-x86_64