CRAN Package Check Results for Package vennplot

Last updated on 2019-03-24 05:47:27 CET.

Flavor Version Tinstall Tcheck Ttotal Status Flags
r-devel-linux-x86_64-debian-clang 1.0 19.48 44.34 63.82 OK
r-devel-linux-x86_64-debian-gcc 1.0 16.79 34.26 51.05 OK
r-devel-linux-x86_64-fedora-clang 1.0 84.49 OK
r-devel-linux-x86_64-fedora-gcc 1.0 81.48 OK
r-devel-windows-ix86+x86_64 1.0 56.00 106.00 162.00 OK
r-patched-linux-x86_64 1.0 19.70 42.12 61.82 OK
r-patched-solaris-x86 1.0 105.50 OK
r-release-linux-x86_64 1.0 0.27 1.88 2.15 ERROR
r-release-windows-ix86+x86_64 1.0 40.00 85.00 125.00 OK
r-release-osx-x86_64 1.0 OK
r-oldrel-windows-ix86+x86_64 1.0 40.00 113.00 153.00 OK
r-oldrel-osx-x86_64 1.0 OK

Check Details

Version: 1.0
Check: whether package can be installed
Result: ERROR
    Installation failed.
Flavor: r-release-linux-x86_64