CRAN Package Check Results for Package verhoeff

Last updated on 2024-03-04 17:51:10 CET.

Flavor Version Tinstall Tcheck Ttotal Status Flags
r-devel-linux-x86_64-debian-clang 0.4.0 1.89 22.49 24.38 NOTE
r-devel-linux-x86_64-debian-gcc 0.4.0 1.55 17.83 19.38 NOTE
r-devel-linux-x86_64-fedora-clang 0.4.0 30.76 NOTE
r-devel-linux-x86_64-fedora-gcc 0.4.0 29.50 NOTE
r-devel-windows-x86_64 0.4.0 4.00 40.00 44.00 NOTE
r-patched-linux-x86_64 0.4.0 1.77 22.32 24.09 NOTE
r-release-linux-x86_64 0.4.0 1.80 22.31 24.11 NOTE
r-release-macos-arm64 0.4.0 15.00 NOTE
r-release-macos-x86_64 0.4.0 20.00 NOTE
r-release-windows-x86_64 0.4.0 2.00 41.00 43.00 NOTE
r-oldrel-macos-arm64 0.4.0 18.00 NOTE
r-oldrel-windows-x86_64 0.4.0 5.00 48.00 53.00 NOTE

Check Details

Version: 0.4.0
Check: LazyData
Result: NOTE 'LazyData' is specified without a 'data' directory Flavors: r-devel-linux-x86_64-debian-clang, r-devel-linux-x86_64-debian-gcc, r-devel-linux-x86_64-fedora-clang, r-devel-linux-x86_64-fedora-gcc, r-devel-windows-x86_64, r-patched-linux-x86_64, r-release-linux-x86_64, r-release-macos-arm64, r-release-macos-x86_64, r-release-windows-x86_64, r-oldrel-macos-arm64, r-oldrel-windows-x86_64