CRAN Package Check Results for Package vetr

Last updated on 2019-09-16 00:47:56 CEST.

Flavor Version Tinstall Tcheck Ttotal Status Flags
r-devel-linux-x86_64-debian-clang 0.2.7 8.95 66.02 74.97 OK
r-devel-linux-x86_64-debian-gcc 0.2.7 6.72 51.67 58.39 OK
r-devel-linux-x86_64-fedora-clang 0.2.7 87.08 OK
r-devel-linux-x86_64-fedora-gcc 0.2.7 92.85 OK
r-devel-windows-ix86+x86_64 0.2.7 50.00 118.00 168.00 OK
r-patched-linux-x86_64 0.2.7 6.79 65.57 72.36 OK
r-patched-solaris-x86 0.2.7 113.70 WARN
r-release-linux-x86_64 0.2.7 7.29 65.96 73.25 OK
r-release-windows-ix86+x86_64 0.2.7 39.00 161.00 200.00 OK
r-release-osx-x86_64 0.2.7 OK
r-oldrel-windows-ix86+x86_64 0.2.7 49.00 104.00 153.00 OK
r-oldrel-osx-x86_64 0.2.7 OK

Check Details

Version: 0.2.7
Check: for unstated dependencies in ‘tests’
Result: WARN
    Warning in deparse(e[[2L]]) :
     it is not known that wchar_t is Unicode on this platform
    Warning in deparse(e[[2L]]) :
     it is not known that wchar_t is Unicode on this platform
Flavor: r-patched-solaris-x86