CRAN Package Check Results for Package vetr

Last updated on 2020-01-27 02:47:37 CET.

Flavor Version Tinstall Tcheck Ttotal Status Flags
r-devel-linux-x86_64-debian-clang 0.2.8 9.84 72.02 81.86 OK
r-devel-linux-x86_64-debian-gcc 0.2.8 6.58 56.16 62.74 OK
r-devel-linux-x86_64-fedora-clang 0.2.8 96.53 OK
r-devel-linux-x86_64-fedora-gcc 0.2.8 95.49 OK
r-devel-windows-ix86+x86_64 0.2.8 51.00 163.00 214.00 OK
r-devel-windows-ix86+x86_64-gcc8 0.2.8 45.00 120.00 165.00 OK
r-patched-linux-x86_64 0.2.8 7.04 63.64 70.68 OK
r-patched-solaris-x86 0.2.8 117.10 WARN
r-release-linux-x86_64 0.2.8 7.70 64.21 71.91 OK
r-release-windows-ix86+x86_64 0.2.8 35.00 105.00 140.00 OK
r-release-osx-x86_64 0.2.8 OK
r-oldrel-windows-ix86+x86_64 0.2.8 33.00 101.00 134.00 OK
r-oldrel-osx-x86_64 0.2.8 OK

Additional issues

gcc10

Check Details

Version: 0.2.8
Check: for unstated dependencies in ‘tests’
Result: WARN
    Warning in deparse(e[[2L]]) :
     it is not known that wchar_t is Unicode on this platform
    Warning in deparse(e[[2L]]) :
     it is not known that wchar_t is Unicode on this platform
Flavor: r-patched-solaris-x86