CRAN Package Check Results for Package viewpoly

Last updated on 2022-08-14 11:06:36 CEST.

Flavor Version Tinstall Tcheck Ttotal Status Flags
r-devel-linux-x86_64-debian-clang 0.2.0 19.38 209.09 228.47 OK
r-devel-linux-x86_64-debian-gcc 0.2.0 14.89 152.00 166.89 OK
r-devel-linux-x86_64-fedora-clang 0.2.0 280.92 NOTE
r-devel-linux-x86_64-fedora-gcc 0.2.0 263.01 OK
r-devel-windows-x86_64 0.2.0 61.00 259.00 320.00 NOTE
r-patched-linux-x86_64 0.2.0 19.63 194.69 214.32 OK
r-release-linux-x86_64 0.2.0 14.96 194.17 209.13 OK
r-release-macos-arm64 0.2.0 155.00 NOTE
r-release-macos-x86_64 0.2.0 184.00 ERROR
r-release-windows-x86_64 0.2.0 56.00 259.00 315.00 NOTE
r-oldrel-macos-arm64 0.2.0 162.00 NOTE
r-oldrel-macos-x86_64 0.2.0 181.00 ERROR
r-oldrel-windows-ix86+x86_64 0.2.0 43.00 277.00 320.00 NOTE

Check Details

Version: 0.2.0
Check: installed package size
Result: NOTE
     installed size is 5.3Mb
     sub-directories of 1Mb or more:
     ext 4.5Mb
Flavors: r-devel-linux-x86_64-fedora-clang, r-devel-windows-x86_64, r-release-macos-arm64, r-release-macos-x86_64, r-release-windows-x86_64, r-oldrel-macos-arm64, r-oldrel-macos-x86_64, r-oldrel-windows-ix86+x86_64

Version: 0.2.0
Check: tests
Result: ERROR
     Running ‘testthat.R’ [37s/117s]
    Running the tests in ‘tests/testthat.R’ failed.
    Last 13 lines of output:
     destfile = input.data$datapath)`: download from 'https://www.polyploids.org/sites/default/files/2022-04/tetra_QTLpoly_data.RData' failed
     Backtrace:
     ▆
     1. └─utils::download.file(...) at test-QTLpoly.R:11:2
    
     [ FAIL 1 | WARN 2 | SKIP 2 | PASS 89 ]
     Deleting unused snapshots:
     • tetra_example/effects-bar.svg
     • tetra_example/effects-circle.svg
     • tetra_example/effects-digenic.svg
     • tetra_example/linkage-map-draw-names.svg
     • tetra_example/plot-map-list.svg
     • tetra_example/qtl-plot.svg
     Error: Test failures
     Execution halted
Flavor: r-release-macos-x86_64

Version: 0.2.0
Check: tests
Result: ERROR
     Running ‘testthat.R’ [37s/116s]
    Running the tests in ‘tests/testthat.R’ failed.
    Last 13 lines of output:
     destfile = input.data$datapath)`: download from 'https://www.polyploids.org/sites/default/files/2022-04/tetra_QTLpoly_data.RData' failed
     Backtrace:
     ▆
     1. └─utils::download.file(...) at test-QTLpoly.R:11:2
    
     [ FAIL 1 | WARN 2 | SKIP 2 | PASS 89 ]
     Deleting unused snapshots:
     • tetra_example/effects-bar.svg
     • tetra_example/effects-circle.svg
     • tetra_example/effects-digenic.svg
     • tetra_example/linkage-map-draw-names.svg
     • tetra_example/plot-map-list.svg
     • tetra_example/qtl-plot.svg
     Error: Test failures
     Execution halted
Flavor: r-oldrel-macos-x86_64