CRAN Package Check Results for Package vinereg

Last updated on 2024-02-25 17:50:36 CET.

Flavor Version Tinstall Tcheck Ttotal Status Flags
r-devel-linux-x86_64-debian-clang 0.10.0 153.36 232.04 385.40 OK
r-devel-linux-x86_64-debian-gcc 0.10.0 127.95 158.26 286.21 OK
r-devel-linux-x86_64-fedora-clang 0.10.0 466.49 NOTE
r-devel-linux-x86_64-fedora-gcc 0.10.0 373.38 OK
r-devel-windows-x86_64 0.10.0 109.00 362.00 471.00 NOTE
r-patched-linux-x86_64 0.10.0 157.25 229.22 386.47 OK
r-release-linux-x86_64 0.10.0 151.08 230.97 382.05 OK
r-release-macos-arm64 0.10.0 152.00 NOTE
r-release-macos-x86_64 0.10.0 389.00 NOTE
r-release-windows-x86_64 0.10.0 136.00 366.00 502.00 NOTE
r-oldrel-macos-arm64 0.10.0 150.00 NOTE
r-oldrel-windows-x86_64 0.10.0 125.00 374.00 499.00 NOTE

Check Details

Version: 0.10.0
Check: installed package size
Result: NOTE installed size is 6.4Mb sub-directories of 1Mb or more: doc 1.4Mb libs 4.7Mb Flavors: r-devel-linux-x86_64-fedora-clang, r-devel-windows-x86_64, r-release-macos-arm64, r-release-macos-x86_64, r-release-windows-x86_64, r-oldrel-macos-arm64, r-oldrel-windows-x86_64