CRAN Package Check Results for Package viromeBrowser

Last updated on 2021-05-16 23:47:17 CEST.

Flavor Version Tinstall Tcheck Ttotal Status Flags
r-devel-linux-x86_64-debian-clang 1.1.0 20.74 193.23 213.97 OK
r-devel-linux-x86_64-debian-gcc 1.1.0 17.67 140.81 158.48 OK
r-devel-linux-x86_64-fedora-clang 1.1.0 251.40 NOTE
r-devel-linux-x86_64-fedora-gcc 1.1.0 252.80 NOTE
r-devel-windows-ix86+x86_64 1.1.0 51.00 158.00 209.00 OK
r-devel-windows-x86_64-gcc10-UCRT 1.1.0 NOTE
r-patched-linux-x86_64 1.1.0 18.30 178.35 196.65 OK
r-patched-solaris-x86 1.1.0 345.00 NOTE
r-release-linux-x86_64 1.1.0 20.44 171.55 191.99 OK
r-release-macos-x86_64 1.1.0 NOTE
r-release-windows-ix86+x86_64 1.1.0 34.00 154.00 188.00 OK
r-oldrel-macos-x86_64 1.1.0 ERROR
r-oldrel-windows-ix86+x86_64 1.1.0 35.00 189.00 224.00 OK

Check Details

Version: 1.1.0
Check: dependencies in R code
Result: NOTE
    Namespace in Imports field not imported from: ‘DT’
     All declared Imports should be used.
Flavors: r-devel-linux-x86_64-fedora-clang, r-devel-linux-x86_64-fedora-gcc, r-devel-windows-x86_64-gcc10-UCRT, r-patched-solaris-x86, r-release-macos-x86_64

Version: 1.1.0
Check: whether package can be installed
Result: ERROR
    Installation failed.
Flavor: r-oldrel-macos-x86_64