CRAN Package Check Results for Package virustotal

Last updated on 2021-05-16 21:47:59 CEST.

Flavor Version Tinstall Tcheck Ttotal Status Flags
r-devel-linux-x86_64-debian-clang 0.2.1 2.89 33.37 36.26 NOTE
r-devel-linux-x86_64-debian-gcc 0.2.1 2.24 25.39 27.63 NOTE
r-devel-linux-x86_64-fedora-clang 0.2.1 51.61 NOTE
r-devel-linux-x86_64-fedora-gcc 0.2.1 41.42 NOTE
r-devel-windows-ix86+x86_64 0.2.1 7.00 41.00 48.00 NOTE
r-devel-windows-x86_64-gcc10-UCRT 0.2.1 NOTE
r-patched-linux-x86_64 0.2.1 2.86 31.46 34.32 NOTE
r-patched-solaris-x86 0.2.1 67.10 NOTE
r-release-linux-x86_64 0.2.1 2.59 30.83 33.42 OK
r-release-macos-x86_64 0.2.1 OK
r-release-windows-ix86+x86_64 0.2.1 6.00 40.00 46.00 OK
r-oldrel-macos-x86_64 0.2.1 OK
r-oldrel-windows-ix86+x86_64 0.2.1 4.00 48.00 52.00 OK

Check Details

Version: 0.2.1
Check: LazyData
Result: NOTE
     'LazyData' is specified without a 'data' directory
Flavors: r-devel-linux-x86_64-debian-clang, r-devel-linux-x86_64-debian-gcc, r-devel-linux-x86_64-fedora-clang, r-devel-linux-x86_64-fedora-gcc, r-devel-windows-ix86+x86_64, r-devel-windows-x86_64-gcc10-UCRT, r-patched-linux-x86_64, r-patched-solaris-x86