CRAN Package Check Results for Package visNetwork

Last updated on 2018-08-21 08:49:18 CEST.

Flavor Version Tinstall Tcheck Ttotal Status Flags
r-devel-linux-x86_64-debian-clang 2.0.4 6.75 62.78 69.53 OK
r-devel-linux-x86_64-debian-gcc 2.0.4 5.96 49.49 55.45 OK
r-devel-linux-x86_64-fedora-clang 2.0.4 80.33 NOTE
r-devel-linux-x86_64-fedora-gcc 2.0.4 78.85 OK
r-devel-windows-ix86+x86_64 2.0.4 21.00 155.00 176.00 NOTE
r-patched-linux-x86_64 2.0.4 6.55 58.99 65.54 OK
r-patched-solaris-x86 2.0.4 103.30 WARN
r-release-linux-x86_64 2.0.4 7.70 59.39 67.09 OK
r-release-windows-ix86+x86_64 2.0.4 19.00 116.00 135.00 NOTE
r-release-osx-x86_64 2.0.4 WARN
r-oldrel-windows-ix86+x86_64 2.0.4 13.00 164.00 177.00 NOTE
r-oldrel-osx-x86_64 2.0.4 WARN

Check Details

Version: 2.0.4
Check: installed package size
Result: NOTE
     installed size is 11.2Mb
     sub-directories of 1Mb or more:
     doc 5.6Mb
     htmlwidgets 4.0Mb
Flavors: r-devel-linux-x86_64-fedora-clang, r-devel-windows-ix86+x86_64, r-patched-solaris-x86, r-release-windows-ix86+x86_64, r-release-osx-x86_64, r-oldrel-windows-ix86+x86_64, r-oldrel-osx-x86_64

Version: 2.0.4
Check: re-building of vignette outputs
Result: WARN
    Error in re-building vignettes:
     ...
    Warning in engine$weave(file, quiet = quiet, encoding = enc) :
     Pandoc (>= 1.12.3) and/or pandoc-citeproc not available. Falling back to R Markdown v1.
    Quitting from lines 22-27 (Introduction-to-visNetwork.Rmd)
    Error: processing vignette 'Introduction-to-visNetwork.Rmd' failed with diagnostics:
    cannot open the connection
    Execution halted
Flavors: r-patched-solaris-x86, r-release-osx-x86_64, r-oldrel-osx-x86_64