CRAN Package Check Results for Package visNetwork

Last updated on 2018-05-21 00:50:27 CEST.

Flavor Version Tinstall Tcheck Ttotal Status Flags
r-devel-linux-x86_64-debian-clang 2.0.3 7.09 54.94 62.03 OK
r-devel-linux-x86_64-debian-gcc 2.0.3 5.39 47.37 52.76 OK
r-devel-linux-x86_64-fedora-clang 2.0.3 82.09 NOTE
r-devel-linux-x86_64-fedora-gcc 2.0.3 76.80 NOTE
r-devel-windows-ix86+x86_64 2.0.3 21.00 175.00 196.00 NOTE
r-patched-linux-x86_64 2.0.3 8.07 58.70 66.77 OK
r-patched-solaris-x86 2.0.3 103.90 WARN
r-release-linux-x86_64 2.0.3 7.27 57.78 65.05 OK
r-release-windows-ix86+x86_64 2.0.3 15.00 105.00 120.00 NOTE
r-release-osx-x86_64 2.0.3 WARN
r-oldrel-windows-ix86+x86_64 2.0.3 11.00 98.00 109.00 NOTE
r-oldrel-osx-x86_64 2.0.3 WARN

Check Details

Version: 2.0.3
Check: installed package size
Result: NOTE
     installed size is 9.2Mb
     sub-directories of 1Mb or more:
     doc 4.8Mb
     htmlwidgets 3.7Mb
Flavors: r-devel-linux-x86_64-fedora-clang, r-devel-linux-x86_64-fedora-gcc, r-devel-windows-ix86+x86_64, r-patched-solaris-x86, r-release-windows-ix86+x86_64, r-release-osx-x86_64, r-oldrel-windows-ix86+x86_64, r-oldrel-osx-x86_64

Version: 2.0.3
Check: re-building of vignette outputs
Result: WARN
    Error in re-building vignettes:
     ...
    Warning in engine$weave(file, quiet = quiet, encoding = enc) :
     Pandoc (>= 1.12.3) and/or pandoc-citeproc not available. Falling back to R Markdown v1.
    Quitting from lines 22-27 (Introduction-to-visNetwork.Rmd)
    Error: processing vignette 'Introduction-to-visNetwork.Rmd' failed with diagnostics:
    cannot open the connection
    Execution halted
Flavors: r-patched-solaris-x86, r-release-osx-x86_64, r-oldrel-osx-x86_64