CRAN Package Check Results for Package visNetwork

Last updated on 2019-02-15 20:47:13 CET.

Flavor Version Tinstall Tcheck Ttotal Status Flags
r-devel-linux-x86_64-debian-clang 2.0.5 8.05 63.46 71.51 OK
r-devel-linux-x86_64-debian-gcc 2.0.5 7.02 49.23 56.25 OK
r-devel-linux-x86_64-fedora-clang 2.0.5 85.89 NOTE
r-devel-linux-x86_64-fedora-gcc 2.0.5 81.52 OK
r-devel-windows-ix86+x86_64 2.0.5 34.00 140.00 174.00 NOTE
r-patched-linux-x86_64 2.0.5 6.95 60.15 67.10 OK
r-patched-solaris-x86 2.0.5 98.80 WARN
r-release-linux-x86_64 2.0.5 5.24 60.25 65.49 OK
r-release-windows-ix86+x86_64 2.0.5 14.00 117.00 131.00 NOTE
r-release-osx-x86_64 2.0.5 WARN
r-oldrel-windows-ix86+x86_64 2.0.5 19.00 127.00 146.00 NOTE
r-oldrel-osx-x86_64 2.0.5 WARN

Check Details

Version: 2.0.5
Check: installed package size
Result: NOTE
     installed size is 11.2Mb
     sub-directories of 1Mb or more:
     doc 5.6Mb
     htmlwidgets 4.0Mb
Flavors: r-devel-linux-x86_64-fedora-clang, r-devel-windows-ix86+x86_64, r-patched-solaris-x86, r-release-windows-ix86+x86_64, r-release-osx-x86_64, r-oldrel-windows-ix86+x86_64, r-oldrel-osx-x86_64

Version: 2.0.5
Check: re-building of vignette outputs
Result: WARN
    Error in re-building vignettes:
     ...
    Warning in engine$weave(file, quiet = quiet, encoding = enc) :
     Pandoc (>= 1.12.3) and/or pandoc-citeproc not available. Falling back to R Markdown v1.
    Quitting from lines 22-27 (Introduction-to-visNetwork.Rmd)
    Error: processing vignette 'Introduction-to-visNetwork.Rmd' failed with diagnostics:
    cannot open the connection
    Execution halted
Flavors: r-patched-solaris-x86, r-release-osx-x86_64, r-oldrel-osx-x86_64