CRAN Package Check Results for Package visNetwork

Last updated on 2018-11-15 04:50:27 CET.

Flavor Version Tinstall Tcheck Ttotal Status Flags
r-devel-linux-x86_64-debian-clang 2.0.4 6.77 62.92 69.69 OK
r-devel-linux-x86_64-debian-gcc 2.0.4 6.04 48.26 54.30 OK
r-devel-linux-x86_64-fedora-clang 2.0.4 80.57 NOTE
r-devel-linux-x86_64-fedora-gcc 2.0.4 77.96 OK
r-devel-windows-ix86+x86_64 2.0.4 15.00 130.00 145.00 NOTE
r-patched-linux-x86_64 2.0.4 9.01 57.76 66.77 OK
r-patched-solaris-x86 2.0.4 100.20 WARN
r-release-linux-x86_64 2.0.4 6.01 58.30 64.31 OK
r-release-windows-ix86+x86_64 2.0.4 20.00 134.00 154.00 NOTE
r-release-osx-x86_64 2.0.4 WARN
r-oldrel-windows-ix86+x86_64 2.0.4 16.00 91.00 107.00 NOTE
r-oldrel-osx-x86_64 2.0.4 WARN

Check Details

Version: 2.0.4
Check: installed package size
Result: NOTE
     installed size is 11.2Mb
     sub-directories of 1Mb or more:
     doc 5.6Mb
     htmlwidgets 4.0Mb
Flavors: r-devel-linux-x86_64-fedora-clang, r-devel-windows-ix86+x86_64, r-patched-solaris-x86, r-release-windows-ix86+x86_64, r-release-osx-x86_64, r-oldrel-windows-ix86+x86_64, r-oldrel-osx-x86_64

Version: 2.0.4
Check: re-building of vignette outputs
Result: WARN
    Error in re-building vignettes:
     ...
    Warning in engine$weave(file, quiet = quiet, encoding = enc) :
     Pandoc (>= 1.12.3) and/or pandoc-citeproc not available. Falling back to R Markdown v1.
    Quitting from lines 22-27 (Introduction-to-visNetwork.Rmd)
    Error: processing vignette 'Introduction-to-visNetwork.Rmd' failed with diagnostics:
    cannot open the connection
    Execution halted
Flavors: r-patched-solaris-x86, r-release-osx-x86_64, r-oldrel-osx-x86_64