CRAN Package Check Results for Package visNetwork

Last updated on 2018-02-19 19:48:05 CET.

Flavor Version Tinstall Tcheck Ttotal Status Flags
r-devel-linux-x86_64-debian-clang 2.0.3 7.02 53.13 60.15 OK
r-devel-linux-x86_64-debian-gcc 2.0.3 6.53 44.23 50.76 OK
r-devel-linux-x86_64-fedora-clang 2.0.3 76.23 NOTE
r-devel-linux-x86_64-fedora-gcc 2.0.3 74.95 NOTE
r-devel-windows-ix86+x86_64 2.0.3 14.00 131.00 145.00 NOTE
r-patched-linux-x86_64 2.0.3 3.45 61.98 65.43 OK
r-patched-solaris-x86 2.0.3 84.90 WARN
r-release-linux-x86_64 2.0.3 3.09 61.44 64.53 OK
r-release-windows-ix86+x86_64 2.0.3 15.00 87.00 102.00 NOTE
r-release-osx-x86_64 2.0.3 WARN
r-oldrel-windows-ix86+x86_64 2.0.3 14.00 104.00 118.00 NOTE
r-oldrel-osx-x86_64 2.0.3 WARN

Check Details

Version: 2.0.3
Check: installed package size
Result: NOTE
     installed size is 9.2Mb
     sub-directories of 1Mb or more:
     doc 4.8Mb
     htmlwidgets 3.7Mb
Flavors: r-devel-linux-x86_64-fedora-clang, r-devel-linux-x86_64-fedora-gcc, r-devel-windows-ix86+x86_64, r-patched-solaris-x86, r-release-windows-ix86+x86_64, r-release-osx-x86_64, r-oldrel-windows-ix86+x86_64, r-oldrel-osx-x86_64

Version: 2.0.3
Check: re-building of vignette outputs
Result: WARN
    Error in re-building vignettes:
     ...
    Warning in engine$weave(file, quiet = quiet, encoding = enc) :
     Pandoc (>= 1.12.3) and/or pandoc-citeproc not available. Falling back to R Markdown v1.
    Quitting from lines 22-27 (Introduction-to-visNetwork.Rmd)
    Error: processing vignette 'Introduction-to-visNetwork.Rmd' failed with diagnostics:
    cannot open the connection
    Execution halted
Flavors: r-patched-solaris-x86, r-release-osx-x86_64, r-oldrel-osx-x86_64