Last updated on 2025-01-24 16:49:28 CET.
Flavor | Version | Tinstall | Tcheck | Ttotal | Status | Flags |
---|---|---|---|---|---|---|
r-devel-linux-x86_64-debian-clang | 1.0.0 | 6.76 | 213.94 | 220.70 | NOTE | |
r-devel-linux-x86_64-debian-gcc | 1.0.0 | 3.99 | 145.97 | 149.96 | NOTE | |
r-devel-linux-x86_64-fedora-clang | 1.0.0 | 326.31 | OK | |||
r-devel-linux-x86_64-fedora-gcc | 1.0.0 | 338.36 | OK | |||
r-devel-windows-x86_64 | 1.0.0 | 7.00 | 168.00 | 175.00 | OK | |
r-patched-linux-x86_64 | 1.0.0 | 6.46 | 190.68 | 197.14 | OK | |
r-release-linux-x86_64 | 1.0.0 | 4.25 | 189.02 | 193.27 | OK | |
r-release-macos-arm64 | 1.0.0 | 88.00 | OK | |||
r-release-macos-x86_64 | 1.0.0 | 225.00 | OK | |||
r-release-windows-x86_64 | 1.0.0 | 6.00 | 162.00 | 168.00 | OK | |
r-oldrel-macos-arm64 | 1.0.0 | 88.00 | OK | |||
r-oldrel-macos-x86_64 | 1.0.0 | 161.00 | OK | |||
r-oldrel-windows-x86_64 | 1.0.0 | 9.00 | 211.00 | 220.00 | OK |
Version: 1.0.0
Check: DESCRIPTION meta-information
Result: NOTE
Missing dependency on R >= 4.1.0 because package code uses the pipe
|> or function shorthand \(...) syntax added in R 4.1.0.
File(s) using such syntax:
‘customiseText.R’ ‘datatableInternal.R’ ‘formatEstimateName.R’
‘formatEstimateValue.R’ ‘formatHeader.R’ ‘formatTable.R’ ‘fxTable.R’
‘gtTable.R’ ‘helperFunctions.R’ ‘mockResults.R’ ‘plot.R’ ‘tidy.R’
‘utilities.R’ ‘visOmopTable.R’ ‘visTable.R’
Flavors: r-devel-linux-x86_64-debian-clang, r-devel-linux-x86_64-debian-gcc