CRAN Package Check Results for Package visStatistics

Last updated on 2021-09-17 07:51:47 CEST.

Flavor Version Tinstall Tcheck Ttotal Status Flags
r-devel-linux-x86_64-debian-clang 0.1.1 4.19 38.32 42.51 NOTE
r-devel-linux-x86_64-debian-gcc 0.1.1 3.15 29.48 32.63 NOTE
r-devel-linux-x86_64-fedora-clang 0.1.1 60.40 NOTE
r-devel-linux-x86_64-fedora-gcc 0.1.1 48.74 NOTE
r-devel-windows-x86_64 0.1.1 6.00 55.00 61.00 NOTE
r-devel-windows-x86_64-gcc10-UCRT 0.1.1 NOTE
r-patched-linux-x86_64 0.1.1 3.65 36.63 40.28 NOTE
r-patched-solaris-x86 0.1.1 73.00 NOTE
r-release-linux-x86_64 0.1.1 3.55 36.86 40.41 NOTE
r-release-macos-arm64 0.1.1 NOTE
r-release-macos-x86_64 0.1.1 NOTE
r-release-windows-ix86+x86_64 0.1.1 8.00 40.00 48.00 NOTE
r-oldrel-macos-x86_64 0.1.1 OK
r-oldrel-windows-ix86+x86_64 0.1.1 9.00 58.00 67.00 OK

Check Details

Version: 0.1.1
Check: LazyData
Result: NOTE
     'LazyData' is specified without a 'data' directory
Flavors: r-devel-linux-x86_64-debian-clang, r-devel-linux-x86_64-debian-gcc, r-devel-linux-x86_64-fedora-clang, r-devel-linux-x86_64-fedora-gcc, r-devel-windows-x86_64, r-devel-windows-x86_64-gcc10-UCRT, r-patched-linux-x86_64, r-patched-solaris-x86, r-release-linux-x86_64, r-release-macos-arm64, r-release-macos-x86_64, r-release-windows-ix86+x86_64