CRAN Package Check Results for Package visTree

Last updated on 2022-11-28 19:50:42 CET.

Flavor Version Tinstall Tcheck Ttotal Status Flags
r-devel-linux-x86_64-debian-clang 0.8.1 9.52 88.79 98.31 OK
r-devel-linux-x86_64-debian-gcc 0.8.1 7.58 67.88 75.46 OK
r-devel-linux-x86_64-fedora-clang 0.8.1 135.05 NOTE
r-devel-linux-x86_64-fedora-gcc 0.8.1 126.07 NOTE
r-devel-windows-x86_64 0.8.1 17.00 124.00 141.00 OK
r-patched-linux-x86_64 0.8.1 6.56 85.47 92.03 OK
r-release-linux-x86_64 0.8.1 8.73 86.70 95.43 OK
r-release-macos-arm64 0.8.1 41.00 NOTE
r-release-macos-x86_64 0.8.1 56.00 NOTE
r-release-windows-x86_64 0.8.1 17.00 127.00 144.00 OK
r-oldrel-macos-arm64 0.8.1 44.00 NOTE
r-oldrel-macos-x86_64 0.8.1 76.00 NOTE
r-oldrel-windows-ix86+x86_64 0.8.1 20.00 131.00 151.00 OK

Check Details

Version: 0.8.1
Check: dependencies in R code
Result: NOTE
    Namespace in Imports field not imported from: ‘rpart’
     All declared Imports should be used.
Flavors: r-devel-linux-x86_64-fedora-clang, r-devel-linux-x86_64-fedora-gcc, r-release-macos-arm64, r-release-macos-x86_64, r-oldrel-macos-arm64, r-oldrel-macos-x86_64