Last updated on 2023-12-05 02:55:35 CET.
Flavor | Version | Tinstall | Tcheck | Ttotal | Status | Flags |
---|---|---|---|---|---|---|
r-devel-linux-x86_64-debian-clang | 0.8.1 | 8.39 | 86.81 | 95.20 | OK | |
r-devel-linux-x86_64-debian-gcc | 0.8.1 | 6.75 | 66.09 | 72.84 | OK | |
r-devel-linux-x86_64-fedora-clang | 0.8.1 | 119.49 | NOTE | |||
r-devel-linux-x86_64-fedora-gcc | 0.8.1 | 125.23 | NOTE | |||
r-devel-windows-x86_64 | 0.8.1 | 8.00 | 86.00 | 94.00 | OK | |
r-patched-linux-x86_64 | 0.8.1 | 7.04 | 84.60 | 91.64 | OK | |
r-release-linux-x86_64 | 0.8.1 | 7.67 | 84.09 | 91.76 | OK | |
r-release-macos-arm64 | 0.8.1 | 47.00 | OK | |||
r-release-macos-x86_64 | 0.8.1 | 75.00 | OK | |||
r-release-windows-x86_64 | 0.8.1 | 10.00 | 100.00 | 110.00 | OK | |
r-oldrel-macos-arm64 | 0.8.1 | 41.00 | NOTE | |||
r-oldrel-macos-x86_64 | 0.8.1 | 56.00 | NOTE | |||
r-oldrel-windows-x86_64 | 0.8.1 | 9.00 | 101.00 | 110.00 | OK |
Version: 0.8.1
Check: dependencies in R code
Result: NOTE
Namespace in Imports field not imported from: ‘rpart’
All declared Imports should be used.
Flavors: r-devel-linux-x86_64-fedora-clang, r-devel-linux-x86_64-fedora-gcc, r-oldrel-macos-arm64, r-oldrel-macos-x86_64