Last updated on 2023-12-01 07:50:24 CET.
Flavor | Version | Tinstall | Tcheck | Ttotal | Status | Flags |
---|---|---|---|---|---|---|
r-devel-linux-x86_64-debian-clang | 1.0.0 | 19.74 | 198.71 | 218.45 | NOTE | |
r-devel-linux-x86_64-debian-gcc | 1.0.0 | 16.63 | 146.27 | 162.90 | NOTE | |
r-devel-linux-x86_64-fedora-clang | 1.0.0 | 267.05 | OK | |||
r-devel-linux-x86_64-fedora-gcc | 1.0.0 | 270.07 | OK | |||
r-devel-windows-x86_64 | 1.0.0 | 18.00 | 160.00 | 178.00 | OK | |
r-patched-linux-x86_64 | 1.0.0 | 17.64 | 189.17 | 206.81 | OK | |
r-release-linux-x86_64 | 1.0.0 | 14.79 | 187.06 | 201.85 | OK | |
r-release-macos-arm64 | 1.0.0 | 85.00 | OK | |||
r-release-macos-x86_64 | 1.0.0 | 137.00 | OK | |||
r-release-windows-x86_64 | 1.0.0 | 23.00 | 207.00 | 230.00 | OK | |
r-oldrel-macos-arm64 | 1.0.0 | 67.00 | OK | |||
r-oldrel-macos-x86_64 | 1.0.0 | 106.00 | OK | |||
r-oldrel-windows-x86_64 | 1.0.0 | 23.00 | 201.00 | 224.00 | OK |
Version: 1.0.0
Check: Rd files
Result: NOTE
checkRd: (-1) compdesc.Rd:24: Lost braces in \itemize; \value handles \item{}{} directly
checkRd: (-1) compdesc.Rd:25: Lost braces in \itemize; \value handles \item{}{} directly
checkRd: (-1) compdesc.Rd:26: Lost braces in \itemize; \value handles \item{}{} directly
checkRd: (-1) compdesc.Rd:27: Lost braces in \itemize; \value handles \item{}{} directly
checkRd: (-1) compdesc.Rd:28: Lost braces in \itemize; \value handles \item{}{} directly
checkRd: (-1) compdesc.Rd:29: Lost braces in \itemize; \value handles \item{}{} directly
checkRd: (-1) compdesc.Rd:30: Lost braces in \itemize; \value handles \item{}{} directly
checkRd: (-1) compdesc.Rd:31: Lost braces in \itemize; \value handles \item{}{} directly
checkRd: (-1) compdesc.Rd:32: Lost braces in \itemize; \value handles \item{}{} directly
Flavors: r-devel-linux-x86_64-debian-clang, r-devel-linux-x86_64-debian-gcc