CRAN Package Check Results for Package visdat

Last updated on 2018-09-25 08:49:09 CEST.

Flavor Version Tinstall Tcheck Ttotal Status Flags
r-devel-linux-x86_64-debian-clang 0.5.1 1.57 67.62 69.19 OK
r-devel-linux-x86_64-debian-gcc 0.5.1 1.31 56.47 57.78 OK
r-devel-linux-x86_64-fedora-clang 0.5.1 90.68 NOTE
r-devel-linux-x86_64-fedora-gcc 0.5.1 88.23 NOTE
r-devel-windows-ix86+x86_64 0.5.1 8.00 95.00 103.00 OK
r-patched-linux-x86_64 0.5.1 1.96 69.29 71.25 OK
r-patched-solaris-x86 0.5.1 126.00 NOTE
r-release-linux-x86_64 0.5.1 1.35 70.77 72.12 OK
r-release-windows-ix86+x86_64 0.5.1 8.00 127.00 135.00 OK
r-release-osx-x86_64 0.5.1 NOTE
r-oldrel-windows-ix86+x86_64 0.5.1 4.00 88.00 92.00 OK
r-oldrel-osx-x86_64 0.5.1 NOTE

Check Details

Version: 0.5.1
Check: dependencies in R code
Result: NOTE
    Namespaces in Imports field not imported from:
     ‘plotly’ ‘rlang’
     All declared Imports should be used.
Flavors: r-devel-linux-x86_64-fedora-clang, r-devel-linux-x86_64-fedora-gcc, r-patched-solaris-x86, r-release-osx-x86_64, r-oldrel-osx-x86_64