CRAN Package Check Results for Package visdat

Last updated on 2019-01-21 17:48:53 CET.

Flavor Version Tinstall Tcheck Ttotal Status Flags
r-devel-linux-x86_64-debian-clang 0.5.2 1.80 76.98 78.78 OK
r-devel-linux-x86_64-debian-gcc 0.5.2 1.27 56.48 57.75 OK
r-devel-linux-x86_64-fedora-clang 0.5.2 92.58 NOTE
r-devel-linux-x86_64-fedora-gcc 0.5.2 83.82 NOTE
r-devel-windows-ix86+x86_64 0.5.2 6.00 98.00 104.00 OK
r-patched-linux-x86_64 0.5.2 1.73 69.89 71.62 OK
r-patched-solaris-x86 0.5.2 128.90 NOTE
r-release-linux-x86_64 0.5.2 1.87 69.35 71.22 OK
r-release-windows-ix86+x86_64 0.5.2 6.00 124.00 130.00 OK
r-release-osx-x86_64 0.5.2 NOTE
r-oldrel-windows-ix86+x86_64 0.5.2 9.00 92.00 101.00 OK
r-oldrel-osx-x86_64 0.5.2 NOTE

Check Details

Version: 0.5.2
Check: dependencies in R code
Result: NOTE
    Namespaces in Imports field not imported from:
     ‘plotly’ ‘rlang’
     All declared Imports should be used.
Flavors: r-devel-linux-x86_64-fedora-clang, r-devel-linux-x86_64-fedora-gcc, r-patched-solaris-x86, r-release-osx-x86_64, r-oldrel-osx-x86_64