CRAN Package Check Results for Package visdat

Last updated on 2018-01-24 01:46:48 CET.

Flavor Version Tinstall Tcheck Ttotal Status Flags
r-devel-linux-x86_64-debian-clang 0.1.0 1.03 86.12 87.15 OK
r-devel-linux-x86_64-debian-gcc 0.1.0 1.20 59.57 60.77 OK
r-devel-linux-x86_64-fedora-clang 0.1.0 91.77 OK
r-devel-linux-x86_64-fedora-gcc 0.1.0 87.65 OK
r-devel-windows-ix86+x86_64 0.1.0 5.00 104.00 109.00 OK
r-patched-linux-x86_64 0.1.0 1.57 73.70 75.27 OK
r-patched-solaris-x86 0.1.0 104.00 WARN
r-release-linux-x86_64 0.1.0 1.41 78.38 79.79 OK
r-release-windows-ix86+x86_64 0.1.0 5.00 123.00 128.00 OK
r-release-osx-x86_64 0.1.0 WARN
r-oldrel-windows-ix86+x86_64 0.1.0 7.00 99.00 106.00 OK
r-oldrel-osx-x86_64 0.1.0 WARN

Check Details

Version: 0.1.0
Check: re-building of vignette outputs
Result: WARN
    Error in re-building vignettes:
     ...
    Warning in engine$weave(file, quiet = quiet, encoding = enc) :
     Pandoc (>= 1.12.3) and/or pandoc-citeproc not available. Falling back to R Markdown v1.
    Quitting from lines 157-163 (using_visdat.Rmd)
    Error: processing vignette 'using_visdat.Rmd' failed with diagnostics:
    cannot open the connection
    Execution halted
Flavors: r-patched-solaris-x86, r-release-osx-x86_64, r-oldrel-osx-x86_64