CRAN Package Check Results for Package visdat

Last updated on 2018-04-26 12:47:35 CEST.

Flavor Version Tinstall Tcheck Ttotal Status Flags
r-devel-linux-x86_64-debian-clang 0.1.0 1.51 55.85 57.36 OK
r-devel-linux-x86_64-debian-gcc 0.1.0 1.15 45.23 46.38 OK
r-devel-linux-x86_64-fedora-clang 0.1.0 73.20 OK
r-devel-linux-x86_64-fedora-gcc 0.1.0 69.81 OK
r-devel-windows-ix86+x86_64 0.1.0 6.00 77.00 83.00 OK
r-patched-linux-x86_64 0.1.0 1.71 59.93 61.64 OK
r-patched-solaris-x86 0.1.0 95.70 WARN
r-release-linux-x86_64 0.1.0 1.19 57.20 58.39 OK
r-release-windows-ix86+x86_64 0.1.0 6.00 77.00 83.00 OK
r-release-osx-x86_64 0.1.0 WARN
r-oldrel-windows-ix86+x86_64 0.1.0 4.00 101.00 105.00 OK
r-oldrel-osx-x86_64 0.1.0 WARN

Check Details

Version: 0.1.0
Check: re-building of vignette outputs
Result: WARN
    Error in re-building vignettes:
     ...
    Warning in engine$weave(file, quiet = quiet, encoding = enc) :
     Pandoc (>= 1.12.3) and/or pandoc-citeproc not available. Falling back to R Markdown v1.
    Quitting from lines 157-163 (using_visdat.Rmd)
    Error: processing vignette 'using_visdat.Rmd' failed with diagnostics:
    there is no package called 'webshot'
    Execution halted
Flavor: r-patched-solaris-x86

Version: 0.1.0
Check: re-building of vignette outputs
Result: WARN
    Error in re-building vignettes:
     ...
    Warning in engine$weave(file, quiet = quiet, encoding = enc) :
     Pandoc (>= 1.12.3) and/or pandoc-citeproc not available. Falling back to R Markdown v1.
    Quitting from lines 157-163 (using_visdat.Rmd)
    Error: processing vignette 'using_visdat.Rmd' failed with diagnostics:
    cannot open the connection
    Execution halted
Flavors: r-release-osx-x86_64, r-oldrel-osx-x86_64