CRAN Package Check Results for Package visit

Last updated on 2024-03-04 00:55:58 CET.

Flavor Version Tinstall Tcheck Ttotal Status Flags
r-devel-linux-x86_64-debian-clang 2.2 162.01 174.57 336.58 NOTE
r-devel-linux-x86_64-debian-gcc 2.2 152.80 136.23 289.03 NOTE
r-devel-linux-x86_64-fedora-clang 2.2 423.58 NOTE
r-devel-linux-x86_64-fedora-gcc 2.2 478.92 NOTE
r-devel-windows-x86_64 2.2 134.00 157.00 291.00 NOTE
r-patched-linux-x86_64 2.2 112.76 177.85 290.61 NOTE
r-release-linux-x86_64 2.2 138.40 179.04 317.44 NOTE
r-release-macos-arm64 2.2 90.00 NOTE
r-release-macos-x86_64 2.2 237.00 NOTE
r-release-windows-x86_64 2.2 173.00 198.00 371.00 NOTE
r-oldrel-macos-arm64 2.2 81.00 NOTE
r-oldrel-windows-x86_64 2.2 161.00 191.00 352.00 NOTE

Check Details

Version: 2.2
Check: Rd files
Result: NOTE checkRd: (-1) parameters.Rd:11: Lost braces in \itemize; meant \describe ? checkRd: (-1) parameters.Rd:12: Lost braces in \itemize; meant \describe ? checkRd: (-1) parameters.Rd:13: Lost braces in \itemize; meant \describe ? checkRd: (-1) parameters.Rd:14: Lost braces in \itemize; meant \describe ? checkRd: (-1) parameters.Rd:19: Lost braces in \itemize; meant \describe ? checkRd: (-1) parameters.Rd:21: Lost braces in \itemize; meant \describe ? checkRd: (-1) parameters.Rd:23: Lost braces in \itemize; meant \describe ? checkRd: (-1) parameters.Rd:25: Lost braces in \itemize; meant \describe ? checkRd: (-1) plot.VTDEC.Rd:18: Lost braces in \itemize; meant \describe ? checkRd: (-1) plot.VTDEC.Rd:19: Lost braces in \itemize; meant \describe ? checkRd: (-1) plot.VTDEC.Rd:20: Lost braces in \itemize; meant \describe ? checkRd: (-1) plot.VTDEC.Rd:21: Lost braces in \itemize; meant \describe ? checkRd: (-1) plot.VTTRUEPS.Rd:21: Lost braces in \itemize; meant \describe ? checkRd: (-1) plot.VTTRUEPS.Rd:22: Lost braces in \itemize; meant \describe ? checkRd: (-1) plot.VTTRUEPS.Rd:23: Lost braces in \itemize; meant \describe ? checkRd: (-1) plot.VTTRUEPS.Rd:24: Lost braces in \itemize; meant \describe ? checkRd: (-1) plot.VTTRUEPS.Rd:25: Lost braces in \itemize; meant \describe ? checkRd: (-1) plot.VTTRUEPS.Rd:26: Lost braces in \itemize; meant \describe ? checkRd: (-1) summary.VTSIMU.Rd:17: Lost braces in \itemize; \value handles \item{}{} directly checkRd: (-1) summary.VTSIMU.Rd:18: Lost braces in \itemize; \value handles \item{}{} directly checkRd: (-1) summary.VTSIMU.Rd:19: Lost braces in \itemize; \value handles \item{}{} directly checkRd: (-1) summary.VTSIMU.Rd:20: Lost braces in \itemize; \value handles \item{}{} directly checkRd: (-1) summary.VTSIMU.Rd:22-23: Lost braces in \itemize; \value handles \item{}{} directly checkRd: (-1) summary.VTSIMU.Rd:25: Lost braces in \itemize; \value handles \item{}{} directly checkRd: (-1) summary.VTSIMU.Rd:27: Lost braces in \itemize; \value handles \item{}{} directly checkRd: (-1) vtInterim.Rd:38: Lost braces in \itemize; meant \describe ? checkRd: (-1) vtInterim.Rd:40: Lost braces in \itemize; meant \describe ? checkRd: (-1) vtInterim.Rd:42: Lost braces in \itemize; meant \describe ? checkRd: (-1) vtInterim.Rd:44: Lost braces in \itemize; meant \describe ? checkRd: (-1) vtInterim.Rd:55: Lost braces in \itemize; \value handles \item{}{} directly checkRd: (-1) vtInterim.Rd:56: Lost braces in \itemize; \value handles \item{}{} directly checkRd: (-1) vtInterim.Rd:57: Lost braces in \itemize; \value handles \item{}{} directly checkRd: (-1) vtInterim.Rd:58: Lost braces in \itemize; \value handles \item{}{} directly checkRd: (-1) vtInterim.Rd:59: Lost braces in \itemize; \value handles \item{}{} directly checkRd: (-1) vtInterim.Rd:60: Lost braces in \itemize; \value handles \item{}{} directly checkRd: (-1) vtInterim.Rd:61: Lost braces in \itemize; \value handles \item{}{} directly checkRd: (-1) vtInterim.Rd:62: Lost braces in \itemize; \value handles \item{}{} directly checkRd: (-1) vtPost.Rd:15: Lost braces in \itemize; meant \describe ? checkRd: (-1) vtPost.Rd:16: Lost braces in \itemize; meant \describe ? checkRd: (-1) vtPost.Rd:17: Lost braces in \itemize; meant \describe ? checkRd: (-1) vtPost.Rd:18: Lost braces in \itemize; meant \describe ? checkRd: (-1) vtPost.Rd:23: Lost braces in \itemize; meant \describe ? checkRd: (-1) vtPost.Rd:25: Lost braces in \itemize; meant \describe ? checkRd: (-1) vtPost.Rd:27: Lost braces in \itemize; meant \describe ? checkRd: (-1) vtPost.Rd:29: Lost braces in \itemize; meant \describe ? checkRd: (-1) vtPriorPar.Rd:29: Lost braces in \itemize; \value handles \item{}{} directly checkRd: (-1) vtPriorPar.Rd:31-32: Lost braces in \itemize; \value handles \item{}{} directly checkRd: (-1) vtSingleTrial.Rd:30: Lost braces in \itemize; meant \describe ? checkRd: (-1) vtSingleTrial.Rd:32: Lost braces in \itemize; meant \describe ? checkRd: (-1) vtSingleTrial.Rd:34: Lost braces in \itemize; meant \describe ? checkRd: (-1) vtSingleTrial.Rd:36: Lost braces in \itemize; meant \describe ? checkRd: (-1) vtSingleTrial.Rd:47: Lost braces in \itemize; \value handles \item{}{} directly checkRd: (-1) vtSingleTrial.Rd:48: Lost braces in \itemize; \value handles \item{}{} directly checkRd: (-1) vtSingleTrial.Rd:49: Lost braces in \itemize; \value handles \item{}{} directly checkRd: (-1) vtSingleTrial.Rd:50: Lost braces in \itemize; \value handles \item{}{} directly checkRd: (-1) vtSingleTrial.Rd:51: Lost braces in \itemize; \value handles \item{}{} directly checkRd: (-1) vtSingleTrial.Rd:52: Lost braces in \itemize; \value handles \item{}{} directly checkRd: (-1) vtSingleTrial.Rd:53: Lost braces in \itemize; \value handles \item{}{} directly checkRd: (-1) vtStan.Rd:15: Lost braces in \itemize; meant \describe ? checkRd: (-1) vtStan.Rd:16: Lost braces in \itemize; meant \describe ? checkRd: (-1) vtStan.Rd:17: Lost braces in \itemize; meant \describe ? checkRd: (-1) vtStan.Rd:18: Lost braces in \itemize; meant \describe ? checkRd: (-1) vtTrack.Rd:21: Lost braces in \itemize; meant \describe ? checkRd: (-1) vtTrack.Rd:22: Lost braces in \itemize; meant \describe ? checkRd: (-1) vtTrack.Rd:23: Lost braces in \itemize; meant \describe ? Flavors: r-devel-linux-x86_64-debian-clang, r-devel-linux-x86_64-debian-gcc, r-devel-linux-x86_64-fedora-clang, r-devel-linux-x86_64-fedora-gcc

Version: 2.2
Check: for GNU extensions in Makefiles
Result: NOTE GNU make is a SystemRequirements. Flavors: r-devel-linux-x86_64-debian-clang, r-devel-linux-x86_64-debian-gcc, r-devel-linux-x86_64-fedora-clang, r-devel-linux-x86_64-fedora-gcc, r-devel-windows-x86_64, r-patched-linux-x86_64, r-release-linux-x86_64, r-release-macos-arm64, r-release-macos-x86_64, r-release-windows-x86_64, r-oldrel-macos-arm64, r-oldrel-windows-x86_64

Version: 2.2
Check: dependencies in R code
Result: NOTE Namespace in Imports field not imported from: ‘sqldf’ All declared Imports should be used. Flavors: r-devel-linux-x86_64-fedora-clang, r-devel-linux-x86_64-fedora-gcc

Version: 2.2
Check: installed package size
Result: NOTE installed size is 32.5Mb sub-directories of 1Mb or more: libs 31.9Mb Flavors: r-release-macos-arm64, r-release-macos-x86_64, r-oldrel-macos-arm64