Last updated on 2022-05-19 09:53:27 CEST.
Flavor | Version | Tinstall | Tcheck | Ttotal | Status | Flags |
---|---|---|---|---|---|---|
r-devel-linux-x86_64-debian-clang | 1.2.1 | 8.11 | 107.59 | 115.70 | OK | |
r-devel-linux-x86_64-debian-gcc | 1.2.1 | 6.72 | 79.34 | 86.06 | OK | |
r-devel-linux-x86_64-fedora-clang | 1.2.1 | 136.37 | NOTE | |||
r-devel-linux-x86_64-fedora-gcc | 1.2.1 | 129.30 | OK | |||
r-devel-windows-x86_64 | 1.2.1 | 27.00 | 140.00 | 167.00 | NOTE | |
r-patched-linux-x86_64 | 1.2.1 | 9.40 | 99.79 | 109.19 | OK | |
r-release-linux-x86_64 | 1.2.1 | 5.96 | 99.81 | 105.77 | OK | |
r-release-macos-arm64 | 1.2.1 | 43.00 | NOTE | |||
r-release-macos-x86_64 | 1.2.1 | 69.00 | NOTE | |||
r-release-windows-x86_64 | 1.2.1 | 24.00 | 150.00 | 174.00 | NOTE | |
r-oldrel-macos-arm64 | 1.2.1 | 523.00 | NOTE | |||
r-oldrel-macos-x86_64 | 1.2.1 | 69.00 | NOTE | |||
r-oldrel-windows-ix86+x86_64 | 1.2.1 | 20.00 | 135.00 | 155.00 | NOTE |
Version: 1.2.1
Check: installed package size
Result: NOTE
installed size is 6.2Mb
sub-directories of 1Mb or more:
doc 5.9Mb
Flavors: r-devel-linux-x86_64-fedora-clang, r-devel-windows-x86_64, r-release-macos-arm64, r-release-macos-x86_64, r-release-windows-x86_64, r-oldrel-macos-arm64, r-oldrel-macos-x86_64, r-oldrel-windows-ix86+x86_64