CRAN Package Check Results for Package vita

Last updated on 2018-12-18 14:47:43 CET.

Flavor Version Tinstall Tcheck Ttotal Status Flags
r-devel-linux-x86_64-debian-clang 1.0.0 23.99 37.46 61.45 OK
r-devel-linux-x86_64-debian-gcc 1.0.0 22.77 29.70 52.47 OK
r-devel-linux-x86_64-fedora-clang 1.0.0 81.12 NOTE
r-devel-linux-x86_64-fedora-gcc 1.0.0 78.42 NOTE
r-devel-windows-ix86+x86_64 1.0.0 62.00 97.00 159.00 OK
r-patched-linux-x86_64 1.0.0 27.06 34.51 61.57 OK
r-patched-solaris-x86 1.0.0 97.40 OK
r-release-linux-x86_64 1.0.0 28.40 35.03 63.43 OK
r-release-windows-ix86+x86_64 1.0.0 47.00 74.00 121.00 OK
r-release-osx-x86_64 1.0.0 OK
r-oldrel-windows-ix86+x86_64 1.0.0 68.00 93.00 161.00 OK
r-oldrel-osx-x86_64 1.0.0 OK

Check Details

Version: 1.0.0
Check: compiled code
Result: NOTE
    File ‘vita/libs/vita.so’:
     Found no calls to: ‘R_registerRoutines’, ‘R_useDynamicSymbols’
    
    It is good practice to register native routines and to disable symbol
    search.
    
    See ‘Writing portable packages’ in the ‘Writing R Extensions’ manual.
Flavors: r-devel-linux-x86_64-fedora-clang, r-devel-linux-x86_64-fedora-gcc