Last updated on 2023-06-08 15:58:57 CEST.
Flavor | Version | Tinstall | Tcheck | Ttotal | Status | Flags |
---|---|---|---|---|---|---|
r-devel-linux-x86_64-debian-clang | 1.0.0 | 30.95 | 44.25 | 75.20 | NOTE | |
r-devel-linux-x86_64-debian-gcc | 1.0.0 | 26.05 | 34.66 | 60.71 | NOTE | |
r-devel-linux-x86_64-fedora-clang | 1.0.0 | 107.78 | NOTE | |||
r-devel-linux-x86_64-fedora-gcc | 1.0.0 | 105.86 | NOTE | |||
r-devel-windows-x86_64 | 1.0.0 | 22.00 | 73.00 | 95.00 | NOTE | |
r-patched-linux-x86_64 | 1.0.0 | 27.68 | 42.69 | 70.37 | NOTE | |
r-release-linux-x86_64 | 1.0.0 | 28.62 | 42.82 | 71.44 | NOTE | |
r-release-macos-arm64 | 1.0.0 | 34.00 | NOTE | |||
r-release-macos-x86_64 | 1.0.0 | 52.00 | NOTE | |||
r-release-windows-x86_64 | 1.0.0 | 25.00 | 86.00 | 111.00 | NOTE | |
r-oldrel-macos-arm64 | 1.0.0 | 34.00 | NOTE | |||
r-oldrel-macos-x86_64 | 1.0.0 | 42.00 | NOTE | |||
r-oldrel-windows-x86_64 | 1.0.0 | 36.00 | 82.00 | 118.00 | NOTE |
Version: 1.0.0
Check: LazyData
Result: NOTE
'LazyData' is specified without a 'data' directory
Flavors: r-devel-linux-x86_64-debian-clang, r-devel-linux-x86_64-debian-gcc, r-devel-linux-x86_64-fedora-clang, r-devel-linux-x86_64-fedora-gcc, r-devel-windows-x86_64, r-patched-linux-x86_64, r-release-linux-x86_64, r-release-macos-arm64, r-release-macos-x86_64, r-release-windows-x86_64, r-oldrel-macos-arm64, r-oldrel-macos-x86_64, r-oldrel-windows-x86_64
Version: 1.0.0
Check: compiled code
Result: NOTE
File ‘vita/libs/vita.so’:
Found no calls to: ‘R_registerRoutines’, ‘R_useDynamicSymbols’
It is good practice to register native routines and to disable symbol
search.
See ‘Writing portable packages’ in the ‘Writing R Extensions’ manual.
Flavors: r-devel-linux-x86_64-fedora-clang, r-devel-linux-x86_64-fedora-gcc