CRAN Package Check Results for Package vita

Last updated on 2018-09-24 16:51:11 CEST.

Flavor Version Tinstall Tcheck Ttotal Status Flags
r-devel-linux-x86_64-debian-clang 1.0.0 24.50 36.02 60.52 OK
r-devel-linux-x86_64-debian-gcc 1.0.0 23.84 30.46 54.30 OK
r-devel-linux-x86_64-fedora-clang 1.0.0 84.27 NOTE
r-devel-linux-x86_64-fedora-gcc 1.0.0 80.03 NOTE
r-devel-windows-ix86+x86_64 1.0.0 67.00 83.00 150.00 OK
r-patched-linux-x86_64 1.0.0 27.73 34.72 62.45 OK
r-patched-solaris-x86 1.0.0 97.20 OK
r-release-linux-x86_64 1.0.0 28.45 35.00 63.45 OK
r-release-windows-ix86+x86_64 1.0.0 55.00 102.00 157.00 OK
r-release-osx-x86_64 1.0.0 OK
r-oldrel-windows-ix86+x86_64 1.0.0 49.00 102.00 151.00 OK
r-oldrel-osx-x86_64 1.0.0 OK

Check Details

Version: 1.0.0
Check: compiled code
Result: NOTE
    File ‘vita/libs/vita.so’:
     Found no calls to: ‘R_registerRoutines’, ‘R_useDynamicSymbols’
    
    It is good practice to register native routines and to disable symbol
    search.
    
    See ‘Writing portable packages’ in the ‘Writing R Extensions’ manual.
Flavors: r-devel-linux-x86_64-fedora-clang, r-devel-linux-x86_64-fedora-gcc