CRAN Package Check Results for Package vita

Last updated on 2018-01-16 23:49:16 CET.

Flavor Version Tinstall Tcheck Ttotal Status Flags
r-devel-linux-x86_64-debian-clang 1.0.0 19.62 37.37 56.99 NOTE
r-devel-linux-x86_64-debian-gcc 1.0.0 18.28 28.74 47.02 NOTE
r-devel-linux-x86_64-fedora-clang 1.0.0 73.36 NOTE
r-devel-linux-x86_64-fedora-gcc 1.0.0 72.33 NOTE
r-devel-windows-ix86+x86_64 1.0.0 66.00 72.00 138.00 OK
r-patched-linux-x86_64 1.0.0 21.59 34.45 56.04 NOTE
r-patched-solaris-x86 1.0.0 96.80 OK
r-release-linux-x86_64 1.0.0 23.21 34.33 57.54 NOTE
r-release-windows-ix86+x86_64 1.0.0 67.00 92.00 159.00 OK
r-release-osx-x86_64 1.0.0 OK
r-oldrel-windows-ix86+x86_64 1.0.0 64.00 183.00 247.00 OK
r-oldrel-osx-x86_64 1.0.0 OK

Check Details

Version: 1.0.0
Check: compiled code
Result: NOTE
    File ‘vita/libs/vita.so’:
     Found no calls to: ‘R_registerRoutines’, ‘R_useDynamicSymbols’
    
    It is good practice to register native routines and to disable symbol
    search.
    
    See ‘Writing portable packages’ in the ‘Writing R Extensions’ manual.
Flavors: r-devel-linux-x86_64-debian-clang, r-devel-linux-x86_64-debian-gcc, r-devel-linux-x86_64-fedora-clang, r-devel-linux-x86_64-fedora-gcc, r-patched-linux-x86_64, r-release-linux-x86_64