CRAN Package Check Results for Package vita

Last updated on 2018-06-20 17:49:02 CEST.

Flavor Version Tinstall Tcheck Ttotal Status Flags
r-devel-linux-x86_64-debian-clang 1.0.0 22.73 38.83 61.56 NOTE
r-devel-linux-x86_64-debian-gcc 1.0.0 20.63 29.78 50.41 NOTE
r-devel-linux-x86_64-fedora-clang 1.0.0 77.99 NOTE
r-devel-linux-x86_64-fedora-gcc 1.0.0 74.67 NOTE
r-devel-windows-ix86+x86_64 1.0.0 62.00 73.00 135.00 OK
r-patched-linux-x86_64 1.0.0 25.63 34.94 60.57 NOTE
r-patched-solaris-x86 1.0.0 96.20 OK
r-release-linux-x86_64 1.0.0 24.44 34.18 58.62 NOTE
r-release-windows-ix86+x86_64 1.0.0 48.00 93.00 141.00 OK
r-release-osx-x86_64 1.0.0 OK
r-oldrel-windows-ix86+x86_64 1.0.0 68.00 71.00 139.00 OK
r-oldrel-osx-x86_64 1.0.0 OK

Check Details

Version: 1.0.0
Check: compiled code
Result: NOTE
    File ‘vita/libs/vita.so’:
     Found no calls to: ‘R_registerRoutines’, ‘R_useDynamicSymbols’
    
    It is good practice to register native routines and to disable symbol
    search.
    
    See ‘Writing portable packages’ in the ‘Writing R Extensions’ manual.
Flavors: r-devel-linux-x86_64-debian-clang, r-devel-linux-x86_64-debian-gcc, r-devel-linux-x86_64-fedora-clang, r-devel-linux-x86_64-fedora-gcc, r-patched-linux-x86_64, r-release-linux-x86_64