CRAN Package Check Results for Package vitae

Last updated on 2021-10-26 06:50:42 CEST.

Flavor Version Tinstall Tcheck Ttotal Status Flags
r-devel-linux-x86_64-debian-clang 0.4.2 6.33 52.42 58.75 NOTE
r-devel-linux-x86_64-debian-gcc 0.4.2 4.29 39.16 43.45 NOTE
r-devel-linux-x86_64-fedora-clang 0.4.2 78.99 NOTE
r-devel-linux-x86_64-fedora-gcc 0.4.2 67.02 NOTE
r-devel-windows-x86_64 0.4.2 11.00 85.00 96.00 NOTE
r-devel-windows-x86_64-gcc10-UCRT 0.4.2 NOTE
r-patched-linux-x86_64 0.4.2 4.28 50.28 54.56 NOTE
r-patched-solaris-x86 0.4.2 94.90 NOTE
r-release-linux-x86_64 0.4.2 4.69 49.53 54.22 NOTE
r-release-macos-arm64 0.4.2 NOTE
r-release-macos-x86_64 0.4.2 NOTE
r-release-windows-ix86+x86_64 0.4.2 10.00 83.00 93.00 NOTE
r-oldrel-macos-x86_64 0.4.2 OK
r-oldrel-windows-ix86+x86_64 0.4.2 14.00 74.00 88.00 OK

Check Details

Version: 0.4.2
Check: LazyData
Result: NOTE
     'LazyData' is specified without a 'data' directory
Flavors: r-devel-linux-x86_64-debian-clang, r-devel-linux-x86_64-debian-gcc, r-devel-linux-x86_64-fedora-clang, r-devel-linux-x86_64-fedora-gcc, r-devel-windows-x86_64, r-devel-windows-x86_64-gcc10-UCRT, r-patched-linux-x86_64, r-patched-solaris-x86, r-release-linux-x86_64, r-release-macos-arm64, r-release-macos-x86_64, r-release-windows-ix86+x86_64