CRAN Package Check Results for Package vkR

Last updated on 2019-01-23 08:49:27 CET.

Flavor Version Tinstall Tcheck Ttotal Status Flags
r-devel-linux-x86_64-debian-clang 0.1 3.83 29.10 32.93 NOTE
r-devel-linux-x86_64-debian-gcc 0.1 2.63 22.78 25.41 NOTE
r-devel-linux-x86_64-fedora-clang 0.1 37.70 NOTE
r-devel-linux-x86_64-fedora-gcc 0.1 36.04 NOTE
r-devel-windows-ix86+x86_64 0.1 7.00 40.00 47.00 NOTE
r-patched-linux-x86_64 0.1 3.93 27.26 31.19 NOTE
r-patched-solaris-x86 0.1 49.20 NOTE
r-release-linux-x86_64 0.1 3.34 26.74 30.08 NOTE
r-release-windows-ix86+x86_64 0.1 5.00 55.00 60.00 NOTE
r-release-osx-x86_64 0.1 OK
r-oldrel-windows-ix86+x86_64 0.1 4.00 50.00 54.00 NOTE
r-oldrel-osx-x86_64 0.1 OK

Check Details

Version: 0.1
Check: dependencies in R code
Result: NOTE
    Missing or unexported object: ‘jsonlite::rbind.pages’
Flavors: r-devel-linux-x86_64-debian-clang, r-devel-linux-x86_64-debian-gcc, r-devel-linux-x86_64-fedora-clang, r-devel-linux-x86_64-fedora-gcc, r-devel-windows-ix86+x86_64, r-patched-linux-x86_64, r-patched-solaris-x86, r-release-linux-x86_64, r-release-windows-ix86+x86_64, r-oldrel-windows-ix86+x86_64