CRAN Package Check Results for Package vprr

Last updated on 2022-06-25 02:52:33 CEST.

Flavor Version Tinstall Tcheck Ttotal Status Flags
r-devel-linux-x86_64-debian-clang 0.1.0 15.24 113.13 128.37 OK
r-devel-linux-x86_64-debian-gcc 0.1.0 14.00 84.37 98.37 OK
r-devel-linux-x86_64-fedora-clang 0.1.0 161.50 NOTE
r-devel-linux-x86_64-fedora-gcc 0.1.0 159.71 NOTE
r-devel-windows-x86_64 0.1.0 254.00 165.00 419.00 NOTE
r-patched-linux-x86_64 0.1.0 24.29 105.06 129.35 OK
r-release-linux-x86_64 0.1.0 13.06 106.53 119.59 OK
r-release-macos-arm64 0.1.0 52.00 NOTE
r-release-macos-x86_64 0.1.0 80.00 NOTE
r-release-windows-x86_64 0.1.0 250.00 138.00 388.00 NOTE
r-oldrel-macos-arm64 0.1.0 55.00 NOTE
r-oldrel-macos-x86_64 0.1.0 95.00 NOTE
r-oldrel-windows-ix86+x86_64 0.1.0 38.00 129.00 167.00 NOTE

Check Details

Version: 0.1.0
Check: installed package size
Result: NOTE
     installed size is 9.4Mb
     sub-directories of 1Mb or more:
     extdata 8.6Mb
Flavors: r-devel-linux-x86_64-fedora-clang, r-devel-windows-x86_64, r-release-macos-arm64, r-release-macos-x86_64, r-release-windows-x86_64, r-oldrel-macos-arm64, r-oldrel-macos-x86_64, r-oldrel-windows-ix86+x86_64

Version: 0.1.0
Check: dependencies in R code
Result: NOTE
    Namespace in Imports field not imported from: ‘usethis’
     All declared Imports should be used.
Flavors: r-devel-linux-x86_64-fedora-clang, r-devel-linux-x86_64-fedora-gcc, r-release-macos-arm64, r-release-macos-x86_64, r-oldrel-macos-arm64, r-oldrel-macos-x86_64