CRAN Package Check Results for Package vqtl

Last updated on 2018-11-18 21:47:44 CET.

Flavor Version Tinstall Tcheck Ttotal Status Flags
r-devel-linux-x86_64-debian-clang 2.0.4 3.37 79.44 82.81 OK
r-devel-linux-x86_64-debian-gcc 2.0.4 3.08 60.84 63.92 OK
r-devel-linux-x86_64-fedora-clang 2.0.4 96.68 NOTE
r-devel-linux-x86_64-fedora-gcc 2.0.4 91.62 NOTE
r-devel-windows-ix86+x86_64 2.0.4 11.00 87.00 98.00 OK
r-patched-linux-x86_64 2.0.4 3.01 74.79 77.80 OK
r-patched-solaris-x86 2.0.4 134.60 NOTE
r-release-linux-x86_64 2.0.4 4.04 74.78 78.82 OK
r-release-windows-ix86+x86_64 2.0.4 12.00 90.00 102.00 OK
r-release-osx-x86_64 2.0.4 NOTE
r-oldrel-windows-ix86+x86_64 2.0.4 5.00 134.00 139.00 OK
r-oldrel-osx-x86_64 2.0.4 NOTE

Check Details

Version: 2.0.4
Check: dependencies in R code
Result: NOTE
    Namespaces in Imports field not imported from:
     ‘iterators’ ‘knitr’ ‘purrr’ ‘testthat’
     All declared Imports should be used.
Flavors: r-devel-linux-x86_64-fedora-clang, r-devel-linux-x86_64-fedora-gcc, r-patched-solaris-x86, r-release-osx-x86_64, r-oldrel-osx-x86_64