CRAN Package Check Results for Package vqtl

Last updated on 2018-02-20 23:50:32 CET.

Flavor Version Tinstall Tcheck Ttotal Status Flags
r-devel-linux-x86_64-debian-clang 2.0.0 2.32 125.15 127.47 OK
r-devel-linux-x86_64-debian-gcc 2.0.0 2.97 73.11 76.08 OK
r-devel-linux-x86_64-fedora-clang 2.0.0 149.25 NOTE
r-devel-linux-x86_64-fedora-gcc 2.0.0 147.70 NOTE
r-devel-windows-ix86+x86_64 2.0.0 8.00 141.00 149.00 OK
r-patched-linux-x86_64 2.0.0 1.76 104.16 105.92 OK
r-patched-solaris-x86 2.0.0 196.70 NOTE
r-release-linux-x86_64 2.0.0 1.79 143.59 145.38 OK
r-release-windows-ix86+x86_64 2.0.0 8.00 196.00 204.00 OK
r-release-osx-x86_64 2.0.0 NOTE
r-oldrel-windows-ix86+x86_64 2.0.0 7.00 174.00 181.00 OK
r-oldrel-osx-x86_64 1.2.0 NOTE

Check Details

Version: 2.0.0
Check: dependencies in R code
Result: NOTE
    Namespaces in Imports field not imported from:
     ‘iterators’ ‘knitr’ ‘purrr’ ‘testthat’
     All declared Imports should be used.
Flavors: r-devel-linux-x86_64-fedora-clang, r-devel-linux-x86_64-fedora-gcc, r-patched-solaris-x86, r-release-osx-x86_64

Version: 1.2.0
Check: dependencies in R code
Result: NOTE
    Namespaces in Imports field not imported from:
     ‘iterators’ ‘knitr’ ‘testthat’
     All declared Imports should be used.
Flavor: r-oldrel-osx-x86_64