CRAN Package Check Results for Package vqtl

Last updated on 2018-08-20 07:48:04 CEST.

Flavor Version Tinstall Tcheck Ttotal Status Flags
r-devel-linux-x86_64-debian-clang 2.0.4 4.06 72.19 76.25 NOTE
r-devel-linux-x86_64-debian-gcc 2.0.4 3.06 55.00 58.06 NOTE
r-devel-linux-x86_64-fedora-clang 2.0.4 87.42 NOTE
r-devel-linux-x86_64-fedora-gcc 2.0.4 86.29 NOTE
r-devel-windows-ix86+x86_64 2.0.4 10.00 109.00 119.00 OK
r-patched-linux-x86_64 2.0.4 3.59 66.47 70.06 NOTE
r-patched-solaris-x86 2.0.4 119.40 NOTE
r-release-linux-x86_64 2.0.4 2.90 66.97 69.87 NOTE
r-release-windows-ix86+x86_64 2.0.4 12.00 90.00 102.00 OK
r-release-osx-x86_64 2.0.4 NOTE
r-oldrel-windows-ix86+x86_64 2.0.4 6.00 139.00 145.00 OK
r-oldrel-osx-x86_64 2.0.4 NOTE

Check Details

Version: 2.0.4
Check: package dependencies
Result: NOTE
    Package suggested but not available for checking: ‘hglm’
Flavors: r-devel-linux-x86_64-debian-clang, r-devel-linux-x86_64-debian-gcc, r-devel-linux-x86_64-fedora-clang, r-devel-linux-x86_64-fedora-gcc, r-patched-linux-x86_64, r-patched-solaris-x86, r-release-linux-x86_64

Version: 2.0.4
Check: dependencies in R code
Result: NOTE
    Namespaces in Imports field not imported from:
     ‘iterators’ ‘knitr’ ‘purrr’ ‘testthat’
     All declared Imports should be used.
Flavors: r-devel-linux-x86_64-fedora-clang, r-devel-linux-x86_64-fedora-gcc, r-patched-solaris-x86, r-release-osx-x86_64, r-oldrel-osx-x86_64