CRAN Package Check Results for Package wISAM

Last updated on 2023-12-01 12:52:39 CET.

Flavor Version Tinstall Tcheck Ttotal Status Flags
r-devel-linux-x86_64-debian-clang 0.2.8 2.39 38.17 40.56 OK
r-devel-linux-x86_64-debian-gcc 0.2.8 2.38 31.21 33.59 OK
r-devel-linux-x86_64-fedora-clang 0.2.8 52.30 NOTE
r-devel-linux-x86_64-fedora-gcc 0.2.8 53.19 NOTE
r-devel-windows-x86_64 0.2.8 3.00 61.00 64.00 OK
r-patched-linux-x86_64 0.2.8 2.85 39.55 42.40 OK
r-release-linux-x86_64 0.2.8 2.50 39.92 42.42 OK
r-release-macos-arm64 0.2.8 23.00 OK
r-release-macos-x86_64 0.2.8 39.00 OK
r-release-windows-x86_64 0.2.8 3.00 64.00 67.00 OK
r-oldrel-macos-arm64 0.2.8 25.00 OK
r-oldrel-macos-x86_64 0.2.8 38.00 NOTE
r-oldrel-windows-x86_64 0.2.8 6.00 64.00 70.00 OK

Check Details

Version: 0.2.8
Check: dependencies in R code
Result: NOTE Namespace in Imports field not imported from: ‘MASS’ All declared Imports should be used. Flavors: r-devel-linux-x86_64-fedora-clang, r-devel-linux-x86_64-fedora-gcc, r-oldrel-macos-x86_64