CRAN Package Check Results for Package wTO

Last updated on 2019-02-17 20:53:56 CET.

Flavor Version Tinstall Tcheck Ttotal Status Flags
r-devel-linux-x86_64-debian-clang 1.6.3 3.64 57.11 60.75 OK
r-devel-linux-x86_64-debian-gcc 1.6.3 2.56 42.94 45.50 OK
r-devel-linux-x86_64-fedora-clang 1.6.3 67.71 NOTE
r-devel-linux-x86_64-fedora-gcc 1.6.3 64.04 NOTE
r-devel-windows-ix86+x86_64 1.6.3 11.00 62.00 73.00 OK
r-patched-linux-x86_64 1.6.3 3.02 49.83 52.85 OK
r-patched-solaris-x86 1.6.3 95.20 NOTE
r-release-linux-x86_64 1.6.3 OK
r-release-windows-ix86+x86_64 1.6.3 5.00 95.00 100.00 OK
r-release-osx-x86_64 1.6.3 NOTE
r-oldrel-windows-ix86+x86_64 1.6.3 6.00 70.00 76.00 OK
r-oldrel-osx-x86_64 1.6.3 NOTE

Check Details

Version: 1.6.3
Check: dependencies in R code
Result: NOTE
    Namespace in Imports field not imported from: ‘shiny’
     All declared Imports should be used.
Flavors: r-devel-linux-x86_64-fedora-clang, r-devel-linux-x86_64-fedora-gcc, r-patched-solaris-x86, r-release-osx-x86_64, r-oldrel-osx-x86_64