CRAN Package Check Results for Package wTO

Last updated on 2018-08-21 10:50:48 CEST.

Flavor Version Tinstall Tcheck Ttotal Status Flags
r-devel-linux-x86_64-debian-clang 1.6.1 2.79 53.63 56.42 OK
r-devel-linux-x86_64-debian-gcc 1.6.1 2.56 39.17 41.73 OK
r-devel-linux-x86_64-fedora-clang 1.6.1 63.86 NOTE
r-devel-linux-x86_64-fedora-gcc 1.6.1 59.83 NOTE
r-devel-windows-ix86+x86_64 1.6.1 11.00 89.00 100.00 OK
r-patched-linux-x86_64 1.6.1 2.69 45.74 48.43 OK
r-patched-solaris-x86 1.6.1 93.20 NOTE
r-release-linux-x86_64 1.6.1 3.24 45.81 49.05 OK
r-release-windows-ix86+x86_64 1.6.1 8.00 58.00 66.00 OK
r-release-osx-x86_64 1.6.1 NOTE
r-oldrel-windows-ix86+x86_64 1.6.1 6.00 93.00 99.00 OK
r-oldrel-osx-x86_64 1.6.1 NOTE

Check Details

Version: 1.6.1
Check: dependencies in R code
Result: NOTE
    Namespace in Imports field not imported from: ‘shiny’
     All declared Imports should be used.
Flavors: r-devel-linux-x86_64-fedora-clang, r-devel-linux-x86_64-fedora-gcc, r-patched-solaris-x86, r-release-osx-x86_64, r-oldrel-osx-x86_64