CRAN Package Check Results for Package waiter

Last updated on 2024-07-25 01:55:54 CEST.

Flavor Version Tinstall Tcheck Ttotal Status Flags
r-devel-linux-x86_64-debian-clang 0.2.5 10.38 51.62 62.00 OK
r-devel-linux-x86_64-debian-gcc 0.2.5 6.77 39.92 46.69 OK
r-devel-linux-x86_64-fedora-clang 0.2.5 80.22 NOTE
r-devel-linux-x86_64-fedora-gcc 0.2.5 86.92 NOTE
r-devel-windows-x86_64 0.2.5 9.00 66.00 75.00 OK
r-patched-linux-x86_64 0.2.5 9.77 50.04 59.81 OK
r-release-linux-x86_64 0.2.5 8.26 50.36 58.62 OK
r-release-macos-arm64 0.2.5 30.00 OK
r-release-macos-x86_64 0.2.5 46.00 OK
r-release-windows-x86_64 0.2.5 10.00 65.00 75.00 OK
r-oldrel-macos-arm64 0.2.5 33.00 OK
r-oldrel-macos-x86_64 0.2.5 49.00 OK
r-oldrel-windows-x86_64 0.2.5 11.00 69.00 80.00 OK

Check Details

Version: 0.2.5
Check: dependencies in R code
Result: NOTE Namespace in Imports field not imported from: ‘R6’ All declared Imports should be used. Flavors: r-devel-linux-x86_64-fedora-clang, r-devel-linux-x86_64-fedora-gcc