Last updated on 2021-04-11 20:47:27 CEST.
Flavor | Version | Tinstall | Tcheck | Ttotal | Status | Flags |
---|---|---|---|---|---|---|
r-devel-linux-x86_64-debian-clang | 0.2.5 | 3.41 | 38.20 | 41.61 | NOTE | |
r-devel-linux-x86_64-debian-gcc | 0.2.5 | 2.55 | 29.76 | 32.31 | NOTE | |
r-devel-linux-x86_64-fedora-clang | 0.2.5 | 57.60 | NOTE | |||
r-devel-linux-x86_64-fedora-gcc | 0.2.5 | 48.27 | NOTE | |||
r-devel-windows-ix86+x86_64 | 0.2.5 | 8.00 | 57.00 | 65.00 | NOTE | |
r-devel-windows-x86_64-gcc10-UCRT | 0.2.5 | NOTE | ||||
r-patched-linux-x86_64 | 0.2.5 | 3.51 | 35.83 | 39.34 | OK | |
r-patched-solaris-x86 | 0.2.5 | 71.10 | OK | |||
r-release-linux-x86_64 | 0.2.5 | 3.53 | 36.20 | 39.73 | OK | |
r-release-macos-x86_64 | 0.2.5 | OK | ||||
r-release-windows-ix86+x86_64 | 0.2.5 | 14.00 | 54.00 | 68.00 | OK | |
r-oldrel-macos-x86_64 | 0.2.5 | OK | ||||
r-oldrel-windows-ix86+x86_64 | 0.2.5 | 5.00 | 39.00 | 44.00 | OK |
Version: 0.2.5
Check: LazyData
Result: NOTE
'LazyData' is specified without a 'data' directory
Flavors: r-devel-linux-x86_64-debian-clang, r-devel-linux-x86_64-debian-gcc, r-devel-linux-x86_64-fedora-clang, r-devel-linux-x86_64-fedora-gcc, r-devel-windows-ix86+x86_64, r-devel-windows-x86_64-gcc10-UCRT