CRAN Package Check Results for Package washi

Last updated on 2024-02-26 16:56:41 CET.

Flavor Version Tinstall Tcheck Ttotal Status Flags
r-devel-linux-x86_64-debian-clang 0.2.0 5.18 57.26 62.44 OK
r-devel-linux-x86_64-debian-gcc 0.2.0 4.78 43.63 48.41 OK
r-devel-linux-x86_64-fedora-clang 0.2.0 82.20 NOTE
r-devel-linux-x86_64-fedora-gcc 0.2.0 78.07 OK
r-devel-windows-x86_64 0.2.0 7.00 62.00 69.00 OK
r-patched-linux-x86_64 0.2.0 5.59 54.85 60.44 OK
r-release-linux-x86_64 0.2.0 3.86 54.89 58.75 OK
r-release-macos-arm64 0.2.0 36.00 OK
r-release-macos-x86_64 0.2.0 52.00 OK
r-release-windows-x86_64 0.2.0 9.00 70.00 79.00 OK
r-oldrel-macos-arm64 0.2.0 38.00 OK
r-oldrel-windows-x86_64 0.2.0 9.00 77.00 86.00 OK

Check Details

Version: 0.2.0
Check: installed package size
Result: NOTE installed size is 5.0Mb sub-directories of 1Mb or more: help 3.9Mb Flavor: r-devel-linux-x86_64-fedora-clang