CRAN Package Check Results for Package wavelets

Last updated on 2022-01-19 06:50:04 CET.

Flavor Version Tinstall Tcheck Ttotal Status Flags
r-devel-linux-x86_64-debian-clang 0.3-0.2 OK
r-devel-linux-x86_64-debian-gcc 0.3-0.2 5.62 41.03 46.65 OK
r-devel-linux-x86_64-fedora-clang 0.3-0.2 75.55 NOTE
r-devel-linux-x86_64-fedora-gcc 0.3-0.2 63.31 NOTE
r-devel-windows-x86_64-new-UL 0.3-0.2 56.00 79.00 135.00 OK
r-devel-windows-x86_64-new-TK 0.3-0.2 OK
r-patched-linux-x86_64 0.3-0.2 6.49 51.48 57.97 OK
r-release-linux-x86_64 0.3-0.2 OK
r-release-macos-arm64 0.3-0.2 OK
r-release-macos-x86_64 0.3-0.2 OK
r-release-windows-ix86+x86_64 0.3-0.2 16.00 53.00 69.00 OK
r-oldrel-macos-x86_64 0.3-0.2 OK
r-oldrel-windows-ix86+x86_64 0.3-0.2 13.00 53.00 66.00 OK

Check Details

Version: 0.3-0.2
Check: compiled code
Result: NOTE
    File ‘wavelets/libs/wavelets.so’:
     Found no calls to: ‘R_registerRoutines’, ‘R_useDynamicSymbols’
    
    It is good practice to register native routines and to disable symbol
    search.
    
    See ‘Writing portable packages’ in the ‘Writing R Extensions’ manual.
Flavors: r-devel-linux-x86_64-fedora-clang, r-devel-linux-x86_64-fedora-gcc