CRAN Package Check Results for Package waydown

Last updated on 2022-07-03 06:54:36 CEST.

Flavor Version Tinstall Tcheck Ttotal Status Flags
r-devel-linux-x86_64-debian-clang 1.1.0 2.09 242.67 244.76 NOTE
r-devel-linux-x86_64-debian-gcc 1.1.0 1.67 161.49 163.16 NOTE
r-devel-linux-x86_64-fedora-clang 1.1.0 275.89 NOTE
r-devel-linux-x86_64-fedora-gcc 1.1.0 279.30 NOTE
r-devel-windows-x86_64 1.1.0 17.00 286.00 303.00 NOTE
r-patched-linux-x86_64 1.1.0 2.49 225.07 227.56 NOTE
r-release-linux-x86_64 1.1.0 2.39 222.16 224.55 NOTE
r-release-macos-arm64 1.1.0 62.00 NOTE
r-release-macos-x86_64 1.1.0 86.00 NOTE
r-release-windows-x86_64 1.1.0 10.00 286.00 296.00 NOTE
r-oldrel-macos-arm64 1.1.0 79.00 NOTE
r-oldrel-macos-x86_64 1.1.0 123.00 NOTE
r-oldrel-windows-ix86+x86_64 1.1.0 7.00 268.00 275.00 NOTE

Check Details

Version: 1.1.0
Check: LazyData
Result: NOTE
     'LazyData' is specified without a 'data' directory
Flavors: r-devel-linux-x86_64-debian-clang, r-devel-linux-x86_64-debian-gcc, r-devel-linux-x86_64-fedora-clang, r-devel-linux-x86_64-fedora-gcc, r-devel-windows-x86_64, r-patched-linux-x86_64, r-release-linux-x86_64, r-release-macos-arm64, r-release-macos-x86_64, r-release-windows-x86_64, r-oldrel-macos-arm64, r-oldrel-macos-x86_64, r-oldrel-windows-ix86+x86_64