CRAN Package Check Results for Package wdman

Last updated on 2022-12-02 08:56:43 CET.

Flavor Version Tinstall Tcheck Ttotal Status Flags
r-devel-linux-x86_64-debian-clang 0.2.6 4.16 38.11 42.27 OK
r-devel-linux-x86_64-debian-gcc 0.2.6 2.81 29.45 32.26 OK
r-devel-linux-x86_64-fedora-clang 0.2.6 62.83 OK
r-devel-linux-x86_64-fedora-gcc 0.2.6 62.32 OK
r-devel-windows-x86_64 0.2.6 17.00 69.00 86.00 OK
r-patched-linux-x86_64 0.2.6 3.96 36.73 40.69 OK
r-release-linux-x86_64 0.2.6 3.42 36.98 40.40 OK
r-release-macos-arm64 0.2.6 22.00 OK
r-release-macos-x86_64 0.2.6 28.00 OK
r-release-windows-x86_64 0.2.6 15.00 77.00 92.00 OK
r-oldrel-macos-arm64 0.2.6 26.00 OK
r-oldrel-macos-x86_64 0.2.6 31.00 OK
r-oldrel-windows-ix86+x86_64 0.2.6 9.00 75.00 84.00 WARN

Check Details

Version: 0.2.6
Check: for unstated dependencies in ‘tests’
Result: WARN
    Warning: unable to access index for repository https://bioconductor.org/packages/3.14/bioc/src/contrib:
     cannot open URL 'https://bioconductor.org/packages/3.14/bioc/src/contrib/PACKAGES'
    Warning: unable to access index for repository https://bioconductor.org/packages/3.14/data/annotation/src/contrib:
     cannot open URL 'https://bioconductor.org/packages/3.14/data/annotation/src/contrib/PACKAGES'
    Warning: unable to access index for repository https://bioconductor.org/packages/3.14/data/experiment/src/contrib:
     cannot open URL 'https://bioconductor.org/packages/3.14/data/experiment/src/contrib/PACKAGES'
Flavor: r-oldrel-windows-ix86+x86_64