CRAN Package Check Results for Package wearables

Last updated on 2024-02-29 22:59:02 CET.

Flavor Version Tinstall Tcheck Ttotal Status Flags
r-devel-linux-x86_64-debian-clang 0.8.1 35.99 194.22 230.21 NOTE
r-devel-linux-x86_64-debian-gcc 0.8.1 28.56 143.72 172.28 NOTE
r-devel-linux-x86_64-fedora-clang 0.8.1 292.61 NOTE
r-devel-linux-x86_64-fedora-gcc 0.8.1 290.42 NOTE
r-devel-windows-x86_64 0.8.1 23.00 136.00 159.00 NOTE
r-patched-linux-x86_64 0.8.1 23.93 190.05 213.98 NOTE
r-release-linux-x86_64 0.8.1 25.41 184.99 210.40 NOTE
r-release-macos-arm64 0.8.1 63.00 NOTE
r-release-macos-x86_64 0.8.1 102.00 NOTE
r-release-windows-x86_64 0.8.1 29.00 166.00 195.00 NOTE
r-oldrel-macos-arm64 0.8.1 58.00 OK
r-oldrel-windows-x86_64 0.8.1 32.00 166.00 198.00 OK

Check Details

Version: 0.8.1
Check: package subdirectories
Result: NOTE Problems with news in ‘NEWS.md’: No news entries found. Flavors: r-devel-linux-x86_64-debian-clang, r-devel-linux-x86_64-debian-gcc, r-devel-linux-x86_64-fedora-clang, r-devel-linux-x86_64-fedora-gcc, r-devel-windows-x86_64, r-patched-linux-x86_64, r-release-linux-x86_64, r-release-macos-arm64, r-release-macos-x86_64, r-release-windows-x86_64