CRAN Package Check Results for Package wearables

Last updated on 2022-09-25 01:51:58 CEST.

Flavor Version Tinstall Tcheck Ttotal Status Flags
r-devel-linux-x86_64-debian-clang 0.8.1 21.69 157.75 179.44 NOTE
r-devel-linux-x86_64-debian-gcc 0.8.1 14.84 116.12 130.96 NOTE
r-devel-linux-x86_64-fedora-clang 0.8.1 220.00 NOTE
r-devel-linux-x86_64-fedora-gcc 0.8.1 213.64 NOTE
r-devel-windows-x86_64 0.8.1 56.00 175.00 231.00 NOTE
r-patched-linux-x86_64 0.8.1 16.14 147.31 163.45 OK
r-release-linux-x86_64 0.8.1 17.05 147.16 164.21 OK
r-release-macos-arm64 0.8.1 58.00 OK
r-release-macos-x86_64 0.8.1 100.00 OK
r-release-windows-x86_64 0.8.1 47.00 170.00 217.00 OK
r-oldrel-macos-arm64 0.8.1 45.00 OK
r-oldrel-macos-x86_64 0.8.1 76.00 OK
r-oldrel-windows-ix86+x86_64 0.8.1 45.00 165.00 210.00 OK

Check Details

Version: 0.8.1
Check: package subdirectories
Result: NOTE
    Problems with news in 'NEWS.md':
    No news entries found.
Flavors: r-devel-linux-x86_64-debian-clang, r-devel-linux-x86_64-debian-gcc, r-devel-linux-x86_64-fedora-clang, r-devel-linux-x86_64-fedora-gcc, r-devel-windows-x86_64