CRAN Package Check Results for Package webchem

Last updated on 2018-05-27 13:47:43 CEST.

Flavor Version Tinstall Tcheck Ttotal Status Flags
r-devel-linux-x86_64-debian-clang 0.4.0 4.78 43.17 47.95 OK
r-devel-linux-x86_64-debian-gcc 0.4.0 3.20 33.69 36.89 OK
r-devel-linux-x86_64-fedora-clang 0.4.0 55.73 OK
r-devel-linux-x86_64-fedora-gcc 0.4.0 53.29 OK
r-devel-windows-ix86+x86_64 0.4.0 7.00 88.00 95.00 OK
r-patched-linux-x86_64 0.4.0 4.17 38.34 42.51 OK
r-patched-solaris-x86 0.4.0 74.50 NOTE
r-release-linux-x86_64 0.4.0 4.48 38.23 42.71 OK
r-release-windows-ix86+x86_64 0.4.0 10.00 75.00 85.00 OK
r-release-osx-x86_64 0.4.0 OK
r-oldrel-windows-ix86+x86_64 0.4.0 10.00 49.00 59.00 OK
r-oldrel-osx-x86_64 0.4.0 OK

Check Details

Version: 0.4.0
Check: package dependencies
Result: NOTE
    Package suggested but not available for checking: ‘rcdk’
Flavor: r-patched-solaris-x86