CRAN Package Check Results for Package webchem

Last updated on 2019-02-23 21:53:22 CET.

Flavor Version Tinstall Tcheck Ttotal Status Flags
r-devel-linux-x86_64-debian-clang 0.4.0 3.88 41.98 45.86 OK
r-devel-linux-x86_64-debian-gcc 0.4.0 3.91 32.80 36.71 OK
r-devel-linux-x86_64-fedora-clang 0.4.0 56.10 OK
r-devel-linux-x86_64-fedora-gcc 0.4.0 52.21 OK
r-devel-windows-ix86+x86_64 0.4.0 11.00 81.00 92.00 OK
r-patched-linux-x86_64 0.4.0 3.89 38.91 42.80 OK
r-patched-solaris-x86 0.4.0 75.50 NOTE
r-release-linux-x86_64 0.4.0 3.41 38.93 42.34 OK
r-release-windows-ix86+x86_64 0.4.0 9.00 78.00 87.00 OK
r-release-osx-x86_64 0.4.0 OK
r-oldrel-windows-ix86+x86_64 0.4.0 6.00 75.00 81.00 OK
r-oldrel-osx-x86_64 0.4.0 OK

Check Details

Version: 0.4.0
Check: package dependencies
Result: NOTE
    Package suggested but not available for checking: ‘rcdk’
Flavor: r-patched-solaris-x86