CRAN Package Check Results for Package webchem

Last updated on 2021-10-18 04:54:39 CEST.

Flavor Version Tinstall Tcheck Ttotal Status Flags
r-devel-linux-x86_64-debian-clang 1.1.1 8.89 65.85 74.74 OK
r-devel-linux-x86_64-debian-gcc 1.1.1 6.53 48.91 55.44 OK
r-devel-linux-x86_64-fedora-clang 1.1.1 103.84 OK
r-devel-linux-x86_64-fedora-gcc 1.1.1 85.34 OK
r-devel-windows-x86_64 1.1.1 13.00 73.00 86.00 OK
r-devel-windows-x86_64-gcc10-UCRT 1.1.1 OK
r-patched-linux-x86_64 1.1.1 9.53 62.10 71.63 OK
r-patched-solaris-x86 1.1.1 115.20 NOTE
r-release-linux-x86_64 1.1.1 6.67 61.64 68.31 OK
r-release-macos-arm64 1.1.1 OK
r-release-macos-x86_64 1.1.1 OK
r-release-windows-ix86+x86_64 1.1.1 15.00 86.00 101.00 OK
r-oldrel-macos-x86_64 1.1.1 OK
r-oldrel-windows-ix86+x86_64 1.1.1 20.00 85.00 105.00 OK

Check Details

Version: 1.1.1
Check: package dependencies
Result: NOTE
    Package suggested but not available for checking: ‘rcdk’
Flavor: r-patched-solaris-x86