CRAN Package Check Results for Package webchem

Last updated on 2024-07-25 00:52:12 CEST.

Flavor Version Tinstall Tcheck Ttotal Status Flags
r-devel-linux-x86_64-debian-clang 1.3.0 9.48 82.02 91.50 NOTE
r-devel-linux-x86_64-debian-gcc 1.3.0 7.61 59.99 67.60 NOTE
r-devel-linux-x86_64-fedora-clang 1.3.0 117.61 NOTE
r-devel-linux-x86_64-fedora-gcc 1.3.0 123.44 NOTE
r-devel-windows-x86_64 1.3.0 10.00 86.00 96.00 NOTE
r-patched-linux-x86_64 1.3.0 11.66 77.84 89.50 NOTE
r-release-linux-x86_64 1.3.0 7.82 76.99 84.81 NOTE
r-release-macos-arm64 1.3.0 38.00 NOTE
r-release-macos-x86_64 1.3.0 59.00 NOTE
r-release-windows-x86_64 1.3.0 9.00 85.00 94.00 NOTE
r-oldrel-macos-arm64 1.3.0 122.00 OK
r-oldrel-macos-x86_64 1.3.0 69.00 OK
r-oldrel-windows-x86_64 1.3.0 13.00 96.00 109.00 OK

Check Details

Version: 1.3.0
Check: Rd files
Result: NOTE checkRd: (-1) get_cid.Rd:58-59: Lost braces 58 | <structure search> is assembled as "{\code{substructure} | | ^ checkRd: (-1) get_cid.Rd:59-60: Lost braces 59 | \code{superstructure} | \code{similarity} | \code{identity}} / {\code{smiles} | ^ checkRd: (-1) get_cid.Rd:70-71: Lost braces 70 | "{\code{fastidentity} | \code{fastsimilarity_2d} | \code{fastsimilarity_3d} | | ^ checkRd: (-1) get_cid.Rd:71-72: Lost braces 71 | \code{fastsubstructure} | \code{fastsuperstructure}}/{\code{smiles} | | ^ Flavors: r-devel-linux-x86_64-debian-clang, r-devel-linux-x86_64-debian-gcc, r-devel-linux-x86_64-fedora-clang, r-devel-linux-x86_64-fedora-gcc, r-devel-windows-x86_64, r-patched-linux-x86_64, r-release-linux-x86_64, r-release-macos-arm64, r-release-macos-x86_64, r-release-windows-x86_64