CRAN Package Check Results for Package webchem

Last updated on 2018-08-17 21:48:30 CEST.

Flavor Version Tinstall Tcheck Ttotal Status Flags
r-devel-linux-x86_64-debian-clang 0.4.0 4.46 43.71 48.17 OK
r-devel-linux-x86_64-debian-gcc 0.4.0 3.63 35.31 38.94 OK
r-devel-linux-x86_64-fedora-clang 0.4.0 54.93 OK
r-devel-linux-x86_64-fedora-gcc 0.4.0 53.85 OK
r-devel-windows-ix86+x86_64 0.4.0 10.00 78.00 88.00 OK
r-patched-linux-x86_64 0.4.0 3.07 38.28 41.35 OK
r-patched-solaris-x86 0.4.0 77.10 NOTE
r-release-linux-x86_64 0.4.0 4.47 38.74 43.21 OK
r-release-windows-ix86+x86_64 0.4.0 10.00 84.00 94.00 OK
r-release-osx-x86_64 0.4.0 OK
r-oldrel-windows-ix86+x86_64 0.4.0 6.00 77.00 83.00 OK
r-oldrel-osx-x86_64 0.4.0 OK

Check Details

Version: 0.4.0
Check: package dependencies
Result: NOTE
    Package suggested but not available for checking: ‘rcdk’
Flavor: r-patched-solaris-x86