CRAN Package Check Results for Package webchem

Last updated on 2021-02-26 06:48:24 CET.

Flavor Version Tinstall Tcheck Ttotal Status Flags
r-devel-linux-x86_64-debian-clang 1.1.1 7.13 64.21 71.34 OK
r-devel-linux-x86_64-debian-gcc 1.1.1 5.61 48.19 53.80 OK
r-devel-linux-x86_64-fedora-clang 1.1.1 98.26 OK
r-devel-linux-x86_64-fedora-gcc 1.1.1 82.21 OK
r-devel-windows-ix86+x86_64 1.1.1 13.00 66.00 79.00 OK
r-patched-linux-x86_64 1.1.1 7.59 59.40 66.99 OK
r-patched-solaris-x86 1.1.1 116.70 NOTE
r-release-linux-x86_64 1.1.1 7.28 59.78 67.06 OK
r-release-macos-x86_64 1.1.1 OK
r-release-windows-ix86+x86_64 1.1.1 12.00 61.00 73.00 OK
r-oldrel-macos-x86_64 1.1.1 OK
r-oldrel-windows-ix86+x86_64 1.1.1 10.00 56.00 66.00 OK

Check Details

Version: 1.1.1
Check: package dependencies
Result: NOTE
    Package suggested but not available for checking: ‘rcdk’
Flavor: r-patched-solaris-x86