CRAN Package Check Results for Package webdriver

Last updated on 2022-12-10 05:57:41 CET.

Flavor Version Tinstall Tcheck Ttotal Status Flags
r-devel-linux-x86_64-debian-clang 1.0.6 7.08 36.02 43.10 NOTE
r-devel-linux-x86_64-debian-gcc 1.0.6 5.08 28.88 33.96 NOTE
r-devel-linux-x86_64-fedora-clang 1.0.6 61.16 NOTE
r-devel-linux-x86_64-fedora-gcc 1.0.6 58.76 NOTE
r-devel-windows-x86_64 1.0.6 32.00 67.00 99.00 NOTE
r-patched-linux-x86_64 1.0.6 5.85 32.76 38.61 NOTE
r-release-linux-x86_64 1.0.6 6.65 31.96 38.61 NOTE
r-release-macos-arm64 1.0.6 21.00 NOTE
r-release-macos-x86_64 1.0.6 27.00 NOTE
r-release-windows-x86_64 1.0.6 27.00 63.00 90.00 NOTE
r-oldrel-macos-arm64 1.0.6 25.00 NOTE
r-oldrel-macos-x86_64 1.0.6 29.00 NOTE
r-oldrel-windows-ix86+x86_64 1.0.6 12.00 59.00 71.00 NOTE

Check Details

Version: 1.0.6
Check: LazyData
Result: NOTE
     'LazyData' is specified without a 'data' directory
Flavors: r-devel-linux-x86_64-debian-clang, r-devel-linux-x86_64-debian-gcc, r-devel-linux-x86_64-fedora-clang, r-devel-linux-x86_64-fedora-gcc, r-devel-windows-x86_64, r-patched-linux-x86_64, r-release-linux-x86_64, r-release-macos-arm64, r-release-macos-x86_64, r-release-windows-x86_64, r-oldrel-macos-arm64, r-oldrel-macos-x86_64, r-oldrel-windows-ix86+x86_64