CRAN Package Check Results for Package webp

Last updated on 2020-08-07 21:48:57 CEST.

Flavor Version Tinstall Tcheck Ttotal Status Flags
r-devel-linux-x86_64-debian-clang 1.0 2.36 17.67 20.03 OK
r-devel-linux-x86_64-debian-gcc 1.0 1.90 14.05 15.95 OK
r-devel-linux-x86_64-fedora-clang 1.0 33.91 NOTE
r-devel-linux-x86_64-fedora-gcc 1.0 24.23 NOTE
r-devel-windows-ix86+x86_64 1.0 15.00 37.00 52.00 OK
r-patched-linux-x86_64 1.0 2.20 17.39 19.59 OK
r-patched-solaris-x86 1.0 37.90 OK
r-release-linux-x86_64 1.0 2.30 17.45 19.75 OK
r-release-macos-x86_64 1.0 OK
r-release-windows-ix86+x86_64 1.0 13.00 53.00 66.00 OK
r-oldrel-macos-x86_64 1.0 OK
r-oldrel-windows-ix86+x86_64 1.0 16.00 48.00 64.00 OK

Check Details

Version: 1.0
Check: top-level files
Result: NOTE
    ‘configure’: /bin/bash is not portable
Flavors: r-devel-linux-x86_64-fedora-clang, r-devel-linux-x86_64-fedora-gcc