CRAN Package Check Results for Package webreadr

Last updated on 2022-05-25 23:10:25 CEST.

Flavor Version Tinstall Tcheck Ttotal Status Flags
r-devel-linux-x86_64-debian-clang 0.4.0 22.06 62.94 85.00 OK
r-devel-linux-x86_64-debian-gcc 0.4.0 18.26 47.12 65.38 OK
r-devel-linux-x86_64-fedora-clang 0.4.0 110.34 NOTE
r-devel-linux-x86_64-fedora-gcc 0.4.0 93.31 NOTE
r-devel-windows-x86_64 0.4.0 33.00 99.00 132.00 OK
r-patched-linux-x86_64 0.4.0 14.78 59.49 74.27 OK
r-release-linux-x86_64 0.4.0 OK
r-release-macos-arm64 0.4.0 26.00 OK
r-release-macos-x86_64 0.4.0 50.00 OK
r-release-windows-x86_64 0.4.0 32.00 99.00 131.00 OK
r-oldrel-macos-arm64 0.4.0 33.00 OK
r-oldrel-macos-x86_64 0.4.0 43.00 OK
r-oldrel-windows-ix86+x86_64 0.4.0 57.00 107.00 164.00 OK

Check Details

Version: 0.4.0
Check: compiled code
Result: NOTE
    File ‘webreadr/libs/webreadr.so’:
     Found no calls to: ‘R_registerRoutines’, ‘R_useDynamicSymbols’
    
    It is good practice to register native routines and to disable symbol
    search.
    
    See ‘Writing portable packages’ in the ‘Writing R Extensions’ manual.
Flavors: r-devel-linux-x86_64-fedora-clang, r-devel-linux-x86_64-fedora-gcc